Last updated on 2025-01-19 05:49:11 CET.
Flavor | Version | Tinstall | Tcheck | Ttotal | Status | Flags |
---|---|---|---|---|---|---|
r-devel-linux-x86_64-debian-clang | 1.10.1 | 18.23 | 30.83 | 49.06 | OK | |
r-devel-linux-x86_64-debian-gcc | 1.10.1 | 14.61 | 24.02 | 38.63 | OK | |
r-devel-linux-x86_64-fedora-clang | 1.10.1 | 85.48 | OK | |||
r-devel-linux-x86_64-fedora-gcc | 1.10.1 | 106.23 | OK | |||
r-devel-windows-x86_64 | 1.10.1 | 20.00 | 81.00 | 101.00 | OK | |
r-patched-linux-x86_64 | 1.10.1 | 21.09 | 31.03 | 52.12 | OK | |
r-release-linux-x86_64 | 1.10.1 | 19.50 | 31.46 | 50.96 | OK | |
r-release-macos-arm64 | 1.10.1 | 51.00 | NOTE | |||
r-release-macos-x86_64 | 1.10.1 | 108.00 | NOTE | |||
r-release-windows-x86_64 | 1.10.1 | 22.00 | 84.00 | 106.00 | OK | |
r-oldrel-macos-arm64 | 1.10.1 | 54.00 | NOTE | |||
r-oldrel-macos-x86_64 | 1.10.1 | 115.00 | NOTE | |||
r-oldrel-windows-x86_64 | 1.10.1 | 24.00 | 87.00 | 111.00 | OK |
Version: 1.10.1
Check: installed package size
Result: NOTE
installed size is 7.1Mb
sub-directories of 1Mb or more:
libs 6.5Mb
Flavors: r-release-macos-arm64, r-release-macos-x86_64, r-oldrel-macos-arm64, r-oldrel-macos-x86_64