CRAN Package Check Results for Package irr

Last updated on 2019-11-21 12:48:32 CET.

Flavor Version Tinstall Tcheck Ttotal Status Flags
r-devel-linux-x86_64-debian-clang 0.84.1 4.12 28.06 32.18 OK
r-devel-linux-x86_64-debian-gcc 0.84.1 3.63 23.07 26.70 OK
r-devel-linux-x86_64-fedora-clang 0.84.1 39.56 OK
r-devel-linux-x86_64-fedora-gcc 0.84.1 39.01 OK
r-devel-windows-ix86+x86_64 0.84.1 8.00 48.00 56.00 OK
r-devel-windows-ix86+x86_64-gcc8 0.84.1 11.00 45.00 56.00 OK
r-patched-linux-x86_64 0.84.1 3.86 27.27 31.13 NOTE
r-patched-solaris-x86 0.84.1 53.80 OK
r-release-linux-x86_64 0.84.1 3.32 27.28 30.60 NOTE
r-release-windows-ix86+x86_64 0.84.1 6.00 69.00 75.00 OK
r-release-osx-x86_64 0.84.1 OK
r-oldrel-windows-ix86+x86_64 0.84.1 8.00 37.00 45.00 OK
r-oldrel-osx-x86_64 0.84.1 OK

Check Details

Version: 0.84.1
Check: Rd line widths
Result: NOTE
    Rd file 'N2.cohen.kappa.Rd':
     \examples lines wider than 100 characters:
     N2.cohen.kappa(c(0.2, 0.25, 0.55), k1=0.6, k0=0.4)
    
    These lines will be truncated in the PDF manual.
Flavors: r-patched-linux-x86_64, r-release-linux-x86_64