Last updated on 2025-01-19 05:49:11 CET.
Flavor | Version | Tinstall | Tcheck | Ttotal | Status | Flags |
---|---|---|---|---|---|---|
r-devel-linux-x86_64-debian-clang | 0.2.9 | 126.48 | 174.76 | 301.24 | OK | |
r-devel-linux-x86_64-debian-gcc | 0.2.9 | 105.53 | 110.56 | 216.09 | OK | |
r-devel-linux-x86_64-fedora-clang | 0.2.9 | 541.96 | OK | |||
r-devel-linux-x86_64-fedora-gcc | 0.2.9 | 648.55 | OK | |||
r-devel-windows-x86_64 | 0.2.9 | 128.00 | 202.00 | 330.00 | OK | |
r-patched-linux-x86_64 | 0.2.9 | 149.52 | 163.84 | 313.36 | OK | |
r-release-linux-x86_64 | 0.2.9 | 150.37 | 160.45 | 310.82 | OK | |
r-release-macos-arm64 | 0.2.9 | 117.00 | NOTE | |||
r-release-macos-x86_64 | 0.2.9 | 160.00 | NOTE | |||
r-release-windows-x86_64 | 0.2.9 | 137.00 | 209.00 | 346.00 | OK | |
r-oldrel-macos-arm64 | 0.2.9 | 138.00 | NOTE | |||
r-oldrel-macos-x86_64 | 0.2.9 | 325.00 | NOTE | |||
r-oldrel-windows-x86_64 | 0.2.9 | 152.00 | 270.00 | 422.00 | OK |
Version: 0.2.9
Check: installed package size
Result: NOTE
installed size is 9.8Mb
sub-directories of 1Mb or more:
libs 8.1Mb
Flavors: r-release-macos-arm64, r-release-macos-x86_64, r-oldrel-macos-arm64, r-oldrel-macos-x86_64