Last updated on 2025-01-19 05:49:11 CET.
Flavor | Version | Tinstall | Tcheck | Ttotal | Status | Flags |
---|---|---|---|---|---|---|
r-devel-linux-x86_64-debian-clang | 1.1.7 | 334.31 | 328.56 | 662.87 | OK | |
r-devel-linux-x86_64-debian-gcc | 1.1.7 | 212.02 | 240.82 | 452.84 | OK | |
r-devel-linux-x86_64-fedora-clang | 1.1.7 | 950.55 | NOTE | |||
r-devel-linux-x86_64-fedora-gcc | 1.1.7 | 1062.92 | NOTE | |||
r-devel-windows-x86_64 | 1.1.7 | 240.00 | 312.00 | 552.00 | OK | |
r-patched-linux-x86_64 | 1.1.7 | 195.96 | 324.39 | 520.35 | NOTE | |
r-release-linux-x86_64 | 1.1.7 | 293.58 | 328.97 | 622.55 | NOTE | |
r-release-macos-arm64 | 1.1.7 | 209.00 | NOTE | |||
r-release-macos-x86_64 | 1.1.7 | 331.00 | NOTE | |||
r-release-windows-x86_64 | 1.1.7 | 228.00 | 338.00 | 566.00 | NOTE | |
r-oldrel-macos-arm64 | 1.1.7 | 278.00 | NOTE | |||
r-oldrel-macos-x86_64 | 1.1.7 | 355.00 | NOTE | |||
r-oldrel-windows-x86_64 | 1.1.7 | 306.00 | 402.00 | 708.00 | NOTE |
Version: 1.1.7
Check: dependencies in R code
Result: NOTE
Namespace in Imports field not imported from: ‘rstantools’
All declared Imports should be used.
Flavors: r-devel-linux-x86_64-fedora-clang, r-devel-linux-x86_64-fedora-gcc
Version: 1.1.7
Check: for GNU extensions in Makefiles
Result: NOTE
GNU make is a SystemRequirements.
Flavors: r-patched-linux-x86_64, r-release-linux-x86_64, r-release-macos-arm64, r-release-macos-x86_64, r-release-windows-x86_64, r-oldrel-macos-arm64, r-oldrel-macos-x86_64, r-oldrel-windows-x86_64
Version: 1.1.7
Check: installed package size
Result: NOTE
installed size is 93.6Mb
sub-directories of 1Mb or more:
data 2.0Mb
doc 2.3Mb
libs 88.2Mb
Flavors: r-release-macos-arm64, r-release-macos-x86_64, r-release-windows-x86_64, r-oldrel-macos-arm64, r-oldrel-macos-x86_64, r-oldrel-windows-x86_64