Last updated on 2025-01-19 05:49:11 CET.
Flavor | Version | Tinstall | Tcheck | Ttotal | Status | Flags |
---|---|---|---|---|---|---|
r-devel-linux-x86_64-debian-clang | 0.6.1-4 | 126.10 | 51.22 | 177.32 | OK | |
r-devel-linux-x86_64-debian-gcc | 0.6.1-4 | 108.59 | 38.90 | 147.49 | OK | |
r-devel-linux-x86_64-fedora-clang | 0.6.1-4 | 295.14 | OK | |||
r-devel-linux-x86_64-fedora-gcc | 0.6.1-4 | 412.40 | OK | |||
r-devel-windows-x86_64 | 0.6.1-4 | 113.00 | 93.00 | 206.00 | OK | |
r-patched-linux-x86_64 | 0.6.1-4 | 149.88 | 49.14 | 199.02 | OK | |
r-release-linux-x86_64 | 0.6.1-4 | 151.78 | 47.94 | 199.72 | OK | |
r-release-macos-arm64 | 0.6.1-4 | 84.00 | NOTE | |||
r-release-macos-x86_64 | 0.6.1-4 | 211.00 | NOTE | |||
r-release-windows-x86_64 | 0.6.1-4 | 118.00 | 98.00 | 216.00 | OK | |
r-oldrel-macos-arm64 | 0.6.1-4 | 85.00 | NOTE | |||
r-oldrel-macos-x86_64 | 0.6.1-4 | 208.00 | NOTE | |||
r-oldrel-windows-x86_64 | 0.6.1-4 | 126.00 | 113.00 | 239.00 | OK |
Version: 0.6.1-4
Check: installed package size
Result: NOTE
installed size is 15.5Mb
sub-directories of 1Mb or more:
doc 1.6Mb
libs 13.6Mb
Flavors: r-release-macos-arm64, r-release-macos-x86_64, r-oldrel-macos-arm64, r-oldrel-macos-x86_64