Last updated on 2024-05-01 16:52:58 CEST.
Flavor | Version | Tinstall | Tcheck | Ttotal | Status | Flags |
---|---|---|---|---|---|---|
r-devel-linux-x86_64-debian-clang | 1.1.2 | 12.91 | 53.88 | 66.79 | OK | |
r-devel-linux-x86_64-debian-gcc | 1.1.2 | 9.80 | 42.79 | 52.59 | OK | |
r-devel-linux-x86_64-fedora-clang | 1.1.2 | 81.49 | NOTE | |||
r-devel-linux-x86_64-fedora-gcc | 1.1.2 | 78.68 | NOTE | |||
r-devel-windows-x86_64 | 1.1.2 | 12.00 | 70.00 | 82.00 | NOTE | |
r-patched-linux-x86_64 | 1.1.2 | 8.75 | 53.66 | 62.41 | OK | |
r-release-linux-x86_64 | 1.1.2 | 7.78 | 54.33 | 62.11 | OK | |
r-release-macos-arm64 | 1.1.2 | 33.00 | NOTE | |||
r-release-windows-x86_64 | 1.1.2 | 12.00 | 67.00 | 79.00 | NOTE | |
r-oldrel-macos-arm64 | 1.1.2 | 46.00 | NOTE | |||
r-oldrel-macos-x86_64 | 1.1.2 | 74.00 | NOTE | |||
r-oldrel-windows-x86_64 | 1.1.2 | 14.00 | 70.00 | 84.00 | NOTE |
Version: 1.1.2
Check: installed package size
Result: NOTE
installed size is 5.3Mb
sub-directories of 1Mb or more:
data 5.1Mb
Flavors: r-devel-linux-x86_64-fedora-clang, r-devel-windows-x86_64, r-release-macos-arm64, r-release-windows-x86_64, r-oldrel-macos-arm64, r-oldrel-macos-x86_64, r-oldrel-windows-x86_64
Version: 1.1.2
Check: dependencies in R code
Result: NOTE
Namespace in Imports field not imported from: ‘curl’
All declared Imports should be used.
Flavors: r-devel-linux-x86_64-fedora-clang, r-devel-linux-x86_64-fedora-gcc
Version: 1.1.2
Check: data for non-ASCII characters
Result: NOTE
Note: found 87 marked UTF-8 strings
Flavors: r-devel-linux-x86_64-fedora-clang, r-devel-linux-x86_64-fedora-gcc