Last updated on 2025-01-19 05:49:11 CET.
Flavor | Version | Tinstall | Tcheck | Ttotal | Status | Flags |
---|---|---|---|---|---|---|
r-devel-linux-x86_64-debian-clang | 1.1.2 | 9.54 | 44.58 | 54.12 | OK | |
r-devel-linux-x86_64-debian-gcc | 1.1.2 | 8.16 | 35.01 | 43.17 | OK | |
r-devel-linux-x86_64-fedora-clang | 1.1.2 | 81.54 | NOTE | |||
r-devel-linux-x86_64-fedora-gcc | 1.1.2 | 81.12 | NOTE | |||
r-devel-windows-x86_64 | 1.1.2 | 13.00 | 68.00 | 81.00 | OK | |
r-patched-linux-x86_64 | 1.1.2 | 11.07 | 42.29 | 53.36 | OK | |
r-release-linux-x86_64 | 1.1.2 | 10.21 | 42.81 | 53.02 | OK | |
r-release-macos-arm64 | 1.1.2 | 33.00 | NOTE | |||
r-release-macos-x86_64 | 1.1.2 | 50.00 | NOTE | |||
r-release-windows-x86_64 | 1.1.2 | 13.00 | 68.00 | 81.00 | NOTE | |
r-oldrel-macos-arm64 | 1.1.2 | 46.00 | NOTE | |||
r-oldrel-macos-x86_64 | 1.1.2 | 74.00 | NOTE | |||
r-oldrel-windows-x86_64 | 1.1.2 | 15.00 | 75.00 | 90.00 | NOTE |
Version: 1.1.2
Check: dependencies in R code
Result: NOTE
Namespace in Imports field not imported from: ‘curl’
All declared Imports should be used.
Flavors: r-devel-linux-x86_64-fedora-clang, r-devel-linux-x86_64-fedora-gcc
Version: 1.1.2
Check: installed package size
Result: NOTE
installed size is 6.3Mb
sub-directories of 1Mb or more:
data 6.1Mb
Flavors: r-release-macos-arm64, r-release-macos-x86_64, r-release-windows-x86_64, r-oldrel-macos-arm64, r-oldrel-macos-x86_64, r-oldrel-windows-x86_64