CRAN Package Check Results for Package iucnr

Last updated on 2025-01-19 05:49:11 CET.

Flavor Version Tinstall Tcheck Ttotal Status Flags
r-devel-linux-x86_64-debian-clang 0.0.0.1 1.73 18.73 20.46 OK
r-devel-linux-x86_64-debian-gcc 0.0.0.1 1.55 15.44 16.99 OK
r-devel-linux-x86_64-fedora-clang 0.0.0.1 35.27 OK
r-devel-linux-x86_64-fedora-gcc 0.0.0.1 34.55 OK
r-devel-windows-x86_64 0.0.0.1 3.00 41.00 44.00 OK
r-patched-linux-x86_64 0.0.0.1 1.82 17.86 19.68 NOTE
r-release-linux-x86_64 0.0.0.1 1.81 17.96 19.77 NOTE
r-release-macos-arm64 0.0.0.1 19.00 NOTE
r-release-macos-x86_64 0.0.0.1 24.00 NOTE
r-release-windows-x86_64 0.0.0.1 5.00 42.00 47.00 NOTE
r-oldrel-macos-arm64 0.0.0.1 25.00 NOTE
r-oldrel-macos-x86_64 0.0.0.1 27.00 NOTE
r-oldrel-windows-x86_64 0.0.0.1 4.00 43.00 47.00 NOTE

Check Details

Version: 0.0.0.1
Check: package dependencies
Result: NOTE Package suggested but not available for checking: ‘iucnrdata’ Flavors: r-patched-linux-x86_64, r-release-linux-x86_64, r-release-macos-arm64, r-release-macos-x86_64, r-release-windows-x86_64, r-oldrel-macos-arm64, r-oldrel-macos-x86_64, r-oldrel-windows-x86_64