CRAN Package Check Results for Package jaccard

Last updated on 2020-07-10 12:48:30 CEST.

Flavor Version Tinstall Tcheck Ttotal Status Flags
r-devel-linux-x86_64-debian-clang 0.1.0 23.41 40.25 63.66 OK
r-devel-linux-x86_64-debian-gcc 0.1.0 15.06 31.61 46.67 OK
r-devel-linux-x86_64-fedora-clang 0.1.0 86.75 NOTE
r-devel-linux-x86_64-fedora-gcc 0.1.0 73.12 NOTE
r-devel-windows-ix86+x86_64 0.1.0 43.00 91.00 134.00 OK
r-patched-linux-x86_64 0.1.0 17.14 39.61 56.75 OK
r-patched-solaris-x86 0.1.0 94.50 NOTE
r-release-linux-x86_64 0.1.0 15.98 39.47 55.45 OK
r-release-osx-x86_64 0.1.0 NOTE
r-release-windows-ix86+x86_64 0.1.0 46.00 87.00 133.00 OK
r-oldrel-osx-x86_64 0.1.0 NOTE
r-oldrel-windows-ix86+x86_64 0.1.0 55.00 84.00 139.00 OK

Check Details

Version: 0.1.0
Check: dependencies in R code
Result: NOTE
    Namespaces in Imports field not imported from:
     ‘Rcpp’ ‘dplyr’ ‘magrittr’
     All declared Imports should be used.
Flavors: r-devel-linux-x86_64-fedora-clang, r-devel-linux-x86_64-fedora-gcc, r-patched-solaris-x86, r-release-osx-x86_64, r-oldrel-osx-x86_64