Last updated on 2025-01-19 05:49:11 CET.
Flavor | Version | Tinstall | Tcheck | Ttotal | Status | Flags |
---|---|---|---|---|---|---|
r-devel-linux-x86_64-debian-clang | 6.1.0 | 211.73 | 279.69 | 491.42 | OK | |
r-devel-linux-x86_64-debian-gcc | 6.1.0 | 161.52 | 173.03 | 334.55 | OK | |
r-devel-linux-x86_64-fedora-clang | 6.1.0 | 883.84 | OK | |||
r-devel-linux-x86_64-fedora-gcc | 6.1.0 | 915.15 | OK | |||
r-devel-windows-x86_64 | 6.1.0 | 204.00 | 312.00 | 516.00 | OK | |
r-patched-linux-x86_64 | 6.1.0 | 201.60 | 263.02 | 464.62 | OK | |
r-release-linux-x86_64 | 6.1.0 | 216.50 | 235.83 | 452.33 | OK | |
r-release-macos-arm64 | 6.1.0 | 198.00 | NOTE | |||
r-release-macos-x86_64 | 6.1.0 | 387.00 | NOTE | |||
r-release-windows-x86_64 | 6.1.0 | 195.00 | 320.00 | 515.00 | OK | |
r-oldrel-macos-arm64 | 6.1.0 | 220.00 | NOTE | |||
r-oldrel-macos-x86_64 | 6.1.0 | 388.00 | NOTE | |||
r-oldrel-windows-x86_64 | 6.1.0 | 247.00 | 416.00 | 663.00 | OK |
Version: 6.1.0
Check: installed package size
Result: NOTE
installed size is 35.7Mb
sub-directories of 1Mb or more:
libs 35.2Mb
Flavors: r-release-macos-arm64, r-release-macos-x86_64, r-oldrel-macos-arm64, r-oldrel-macos-x86_64