Last updated on 2024-04-17 13:57:31 CEST.
Flavor | Version | Tinstall | Tcheck | Ttotal | Status | Flags |
---|---|---|---|---|---|---|
r-devel-linux-x86_64-debian-clang | 1.1.5 | 346.27 | 62.40 | 408.67 | NOTE | |
r-devel-linux-x86_64-debian-gcc | 1.1.5 | 265.19 | 47.40 | 312.59 | NOTE | |
r-devel-linux-x86_64-fedora-clang | 1.1.5 | 588.15 | NOTE | |||
r-devel-linux-x86_64-fedora-gcc | 1.1.5 | 612.14 | NOTE | |||
r-prerel-macos-arm64 | 1.1.5 | 109.00 | NOTE | |||
r-prerel-macos-x86_64 | 1.1.5 | 125.00 | NOTE | |||
r-prerel-windows-x86_64 | 1.1.5 | 262.00 | 5.00 | 267.00 | ERROR | |
r-patched-linux-x86_64 | 1.1.5 | 330.56 | 60.44 | 391.00 | NOTE | |
r-release-linux-x86_64 | 1.1.5 | 319.38 | 59.69 | 379.07 | NOTE | |
r-release-macos-arm64 | 1.1.5 | 116.00 | NOTE | |||
r-release-macos-x86_64 | 1.1.5 | 150.00 | NOTE | |||
r-release-windows-x86_64 | 1.1.5 | 329.00 | 205.00 | 534.00 | NOTE | |
r-oldrel-macos-arm64 | 1.1.5 | 108.00 | NOTE | |||
r-oldrel-windows-x86_64 | 1.1.5 | 312.00 | 142.00 | 454.00 | NOTE |
Version: 1.1.5
Check: for GNU extensions in Makefiles
Result: NOTE
GNU make is a SystemRequirements.
Flavors: r-devel-linux-x86_64-debian-clang, r-devel-linux-x86_64-debian-gcc, r-devel-linux-x86_64-fedora-clang, r-devel-linux-x86_64-fedora-gcc, r-prerel-macos-arm64, r-prerel-macos-x86_64, r-patched-linux-x86_64, r-release-linux-x86_64, r-release-macos-arm64, r-release-macos-x86_64, r-release-windows-x86_64, r-oldrel-macos-arm64, r-oldrel-windows-x86_64
Version: 1.1.5
Check: installed package size
Result: NOTE
installed size is 19.7Mb
sub-directories of 1Mb or more:
art_profiles 1.5Mb
libs 17.3Mb
Flavors: r-prerel-macos-arm64, r-prerel-macos-x86_64, r-release-macos-arm64, r-release-macos-x86_64, r-release-windows-x86_64, r-oldrel-macos-arm64, r-oldrel-windows-x86_64
Version: 1.1.5
Check: whether package can be installed
Result: ERROR
Installation failed.
Flavor: r-prerel-windows-x86_64