CRAN Package Check Results for Package jackstraw

Last updated on 2020-07-12 12:47:35 CEST.

Flavor Version Tinstall Tcheck Ttotal Status Flags
r-devel-linux-x86_64-debian-clang 1.3 10.58 151.31 161.89 OK
r-devel-linux-x86_64-debian-gcc 1.3 9.23 111.25 120.48 OK
r-devel-linux-x86_64-fedora-clang 1.3 199.06 OK
r-devel-linux-x86_64-fedora-gcc 1.3 190.65 OK
r-devel-windows-ix86+x86_64 1.3 26.00 220.00 246.00 OK
r-patched-linux-x86_64 1.3 10.20 145.89 156.09 OK
r-patched-solaris-x86 1.3 278.60 OK
r-release-linux-x86_64 1.3 11.65 148.46 160.11 OK
r-release-macos-x86_64 1.3 ERROR
r-release-windows-ix86+x86_64 1.3 37.00 170.00 207.00 OK
r-oldrel-macos-x86_64 1.3 OK
r-oldrel-windows-ix86+x86_64 1.3 28.00 151.00 179.00 OK

Check Details

Version: 1.3
Check: package dependencies
Result: ERROR
    Package required but not available: ‘lfa’
    
    See section ‘The DESCRIPTION file’ in the ‘Writing R Extensions’
    manual.
Flavor: r-release-macos-x86_64