Last updated on 2024-05-04 14:48:20 CEST.
Flavor | Version | Tinstall | Tcheck | Ttotal | Status | Flags |
---|---|---|---|---|---|---|
r-devel-linux-x86_64-debian-clang | 3.4.0 | 0.53 | 2.02 | 2.55 | ERROR | |
r-devel-linux-x86_64-debian-gcc | 3.4.0 | 15.56 | 143.71 | 159.27 | OK | |
r-devel-linux-x86_64-fedora-clang | 3.4.0 | 291.90 | OK | |||
r-devel-linux-x86_64-fedora-gcc | 3.4.0 | 267.62 | OK | |||
r-devel-windows-x86_64 | 3.4.0 | 17.00 | 150.00 | 167.00 | OK | |
r-patched-linux-x86_64 | 3.4.0 | 13.64 | 191.99 | 205.63 | OK | |
r-release-linux-x86_64 | 3.4.0 | 13.23 | 185.06 | 198.29 | OK | |
r-release-macos-arm64 | 3.4.0 | 74.00 | OK | |||
r-release-macos-x86_64 | 3.4.0 | 178.00 | OK | |||
r-release-windows-x86_64 | 3.4.0 | 17.00 | 149.00 | 166.00 | OK | |
r-oldrel-macos-arm64 | 3.4.0 | 81.00 | OK | |||
r-oldrel-macos-x86_64 | 3.4.0 | 179.00 | OK | |||
r-oldrel-windows-x86_64 | 3.4.0 | 16.00 | 186.00 | 202.00 | OK |
Version: 3.4.0
Check: package dependencies
Result: ERROR
Packages required but not available: 'org.Hs.eg.db', 'AnnotationDbi'
See section ‘The DESCRIPTION file’ in the ‘Writing R Extensions’
manual.
Flavor: r-devel-linux-x86_64-debian-clang