Last updated on 2025-01-19 05:49:11 CET.
Flavor | Version | Tinstall | Tcheck | Ttotal | Status | Flags |
---|---|---|---|---|---|---|
r-devel-linux-x86_64-debian-clang | 0.11 | 43.14 | 55.86 | 99.00 | NOTE | |
r-devel-linux-x86_64-debian-gcc | 0.11 | 30.86 | 41.20 | 72.06 | NOTE | |
r-devel-linux-x86_64-fedora-clang | 0.11 | 173.61 | NOTE | |||
r-devel-linux-x86_64-fedora-gcc | 0.11 | 195.43 | NOTE | |||
r-devel-windows-x86_64 | 0.11 | 48.00 | 106.00 | 154.00 | NOTE | |
r-patched-linux-x86_64 | 0.11 | 43.03 | 54.78 | 97.81 | NOTE | |
r-release-linux-x86_64 | 0.11 | 43.96 | 55.73 | 99.69 | NOTE | |
r-release-macos-arm64 | 0.11 | 53.00 | NOTE | |||
r-release-macos-x86_64 | 0.11 | 79.00 | NOTE | |||
r-release-windows-x86_64 | 0.11 | 47.00 | 113.00 | 160.00 | NOTE | |
r-oldrel-macos-arm64 | 0.11 | 61.00 | NOTE | |||
r-oldrel-macos-x86_64 | 0.11 | 100.00 | NOTE | |||
r-oldrel-windows-x86_64 | 0.11 | 52.00 | 117.00 | 169.00 | NOTE |
Version: 0.11
Check: C++ specification
Result: NOTE
Specified C++11: please drop specification unless essential
Flavors: r-devel-linux-x86_64-debian-clang, r-devel-linux-x86_64-debian-gcc, r-devel-linux-x86_64-fedora-clang, r-devel-linux-x86_64-fedora-gcc, r-devel-windows-x86_64, r-patched-linux-x86_64, r-release-linux-x86_64, r-release-macos-arm64, r-release-macos-x86_64, r-release-windows-x86_64, r-oldrel-macos-arm64, r-oldrel-macos-x86_64, r-oldrel-windows-x86_64
Version: 0.11
Check: installed package size
Result: NOTE
installed size is 5.5Mb
sub-directories of 1Mb or more:
libs 5.1Mb
Flavors: r-release-macos-arm64, r-release-macos-x86_64, r-oldrel-macos-arm64, r-oldrel-macos-x86_64