Last updated on 2025-01-19 05:49:11 CET.
Flavor | Version | Tinstall | Tcheck | Ttotal | Status | Flags |
---|---|---|---|---|---|---|
r-devel-linux-x86_64-debian-clang | 0.3.1 | 51.23 | 41.40 | 92.63 | OK | |
r-devel-linux-x86_64-debian-gcc | 0.3.1 | 39.70 | 32.51 | 72.21 | OK | |
r-devel-linux-x86_64-fedora-clang | 0.3.1 | 163.59 | OK | |||
r-devel-linux-x86_64-fedora-gcc | 0.3.1 | 199.81 | OK | |||
r-devel-windows-x86_64 | 0.3.1 | 52.00 | 83.00 | 135.00 | OK | |
r-patched-linux-x86_64 | 0.3.1 | 56.29 | 39.74 | 96.03 | OK | |
r-release-linux-x86_64 | 0.3.1 | 53.86 | 40.29 | 94.15 | OK | |
r-release-macos-arm64 | 0.3.1 | 50.00 | NOTE | |||
r-release-macos-x86_64 | 0.3.1 | 77.00 | NOTE | |||
r-release-windows-x86_64 | 0.3.1 | 52.00 | 90.00 | 142.00 | OK | |
r-oldrel-macos-arm64 | 0.3.1 | 72.00 | NOTE | |||
r-oldrel-macos-x86_64 | 0.3.1 | 117.00 | NOTE | |||
r-oldrel-windows-x86_64 | 0.3.1 | 58.00 | 97.00 | 155.00 | OK |
Version: 0.3.1
Check: installed package size
Result: NOTE
installed size is 7.4Mb
sub-directories of 1Mb or more:
libs 7.1Mb
Flavors: r-release-macos-arm64, r-release-macos-x86_64, r-oldrel-macos-arm64, r-oldrel-macos-x86_64