Last updated on 2025-01-19 05:49:11 CET.
Flavor | Version | Tinstall | Tcheck | Ttotal | Status | Flags |
---|---|---|---|---|---|---|
r-devel-linux-x86_64-debian-clang | 1.5.2 | 99.76 | 27.41 | 127.17 | OK | |
r-devel-linux-x86_64-debian-gcc | 1.5.2 | 82.27 | 21.71 | 103.98 | OK | |
r-devel-linux-x86_64-fedora-clang | 1.5.2 | 245.94 | OK | |||
r-devel-linux-x86_64-fedora-gcc | 1.5.2 | 305.62 | OK | |||
r-devel-windows-x86_64 | 1.5.2 | 108.00 | 84.00 | 192.00 | OK | |
r-patched-linux-x86_64 | 1.5.2 | 111.93 | 26.12 | 138.05 | OK | |
r-release-linux-x86_64 | 1.5.2 | 107.47 | 26.76 | 134.23 | OK | |
r-release-macos-arm64 | 1.5.2 | 96.00 | NOTE | |||
r-release-macos-x86_64 | 1.5.2 | 143.00 | NOTE | |||
r-release-windows-x86_64 | 1.5.2 | 114.00 | 89.00 | 203.00 | OK | |
r-oldrel-macos-arm64 | 1.5.2 | 85.00 | NOTE | |||
r-oldrel-macos-x86_64 | 1.5.2 | 127.00 | NOTE | |||
r-oldrel-windows-x86_64 | 1.5.2 | 120.00 | 91.00 | 211.00 | OK |
Version: 1.5.2
Check: installed package size
Result: NOTE
installed size is 12.8Mb
sub-directories of 1Mb or more:
libs 12.5Mb
Flavors: r-release-macos-arm64, r-release-macos-x86_64, r-oldrel-macos-arm64, r-oldrel-macos-x86_64