Last updated on 2025-01-19 05:49:11 CET.
Flavor | Version | Tinstall | Tcheck | Ttotal | Status | Flags |
---|---|---|---|---|---|---|
r-devel-linux-x86_64-debian-clang | 1.1.1 | 158.54 | 29.73 | 188.27 | NOTE | |
r-devel-linux-x86_64-debian-gcc | 1.1.1 | 103.19 | 23.64 | 126.83 | NOTE | |
r-devel-linux-x86_64-fedora-clang | 1.1.1 | 398.89 | NOTE | |||
r-devel-linux-x86_64-fedora-gcc | 1.1.1 | 389.84 | NOTE | |||
r-devel-windows-x86_64 | 1.1.1 | 167.00 | 77.00 | 244.00 | NOTE | |
r-patched-linux-x86_64 | 1.1.1 | 150.10 | 28.31 | 178.41 | NOTE | |
r-release-linux-x86_64 | 1.1.1 | 149.10 | 29.85 | 178.95 | NOTE | |
r-release-macos-arm64 | 1.1.1 | 76.00 | NOTE | |||
r-release-macos-x86_64 | 1.1.1 | 72.00 | NOTE | |||
r-release-windows-x86_64 | 1.1.1 | 166.00 | 82.00 | 248.00 | NOTE | |
r-oldrel-macos-arm64 | 1.1.1 | 97.00 | NOTE | |||
r-oldrel-macos-x86_64 | 1.1.1 | 174.00 | NOTE | |||
r-oldrel-windows-x86_64 | 1.1.1 | 183.00 | 86.00 | 269.00 | NOTE |
Version: 1.1.1
Check: C++ specification
Result: NOTE
Specified C++11: please drop specification unless essential
Flavors: r-devel-linux-x86_64-debian-clang, r-devel-linux-x86_64-debian-gcc, r-devel-linux-x86_64-fedora-clang, r-devel-linux-x86_64-fedora-gcc, r-devel-windows-x86_64, r-patched-linux-x86_64, r-release-linux-x86_64, r-release-macos-arm64, r-release-macos-x86_64, r-release-windows-x86_64, r-oldrel-macos-arm64, r-oldrel-macos-x86_64, r-oldrel-windows-x86_64
Version: 1.1.1
Check: installed package size
Result: NOTE
installed size is 6.6Mb
sub-directories of 1Mb or more:
data 1.1Mb
libs 5.4Mb
Flavors: r-release-macos-arm64, r-release-macos-x86_64, r-oldrel-macos-arm64, r-oldrel-macos-x86_64