CRAN Package Check Results for Package jpndistrict

Last updated on 2020-07-10 12:48:30 CEST.

Flavor Version Tinstall Tcheck Ttotal Status Flags
r-devel-linux-x86_64-debian-clang 0.3.7 7.48 265.81 273.29 OK
r-devel-linux-x86_64-debian-gcc 0.3.7 6.28 194.33 200.61 OK
r-devel-linux-x86_64-fedora-clang 0.3.7 350.22 NOTE
r-devel-linux-x86_64-fedora-gcc 0.3.7 339.70 NOTE
r-devel-windows-ix86+x86_64 0.3.7 17.00 334.00 351.00 OK
r-patched-linux-x86_64 0.3.7 7.78 261.02 268.80 OK
r-patched-solaris-x86 0.3.7 433.00 NOTE
r-release-linux-x86_64 0.3.7 8.05 262.21 270.26 OK
r-release-osx-x86_64 0.3.7 NOTE
r-release-windows-ix86+x86_64 0.3.7 17.00 337.00 354.00 OK
r-oldrel-osx-x86_64 0.3.7 NOTE
r-oldrel-windows-ix86+x86_64 0.3.7 17.00 297.00 314.00 OK

Check Details

Version: 0.3.7
Check: data for non-ASCII characters
Result: NOTE
     Note: found 188 marked UTF-8 strings
Flavors: r-devel-linux-x86_64-fedora-clang, r-devel-linux-x86_64-fedora-gcc, r-patched-solaris-x86, r-release-osx-x86_64, r-oldrel-osx-x86_64