CRAN Package Check Results for Package jsTree

Last updated on 2020-07-10 12:48:30 CEST.

Flavor Version Tinstall Tcheck Ttotal Status Flags
r-devel-linux-x86_64-debian-clang 1.0.1 3.40 26.57 29.97 OK
r-devel-linux-x86_64-debian-gcc 1.0.1 2.53 21.23 23.76 OK
r-devel-linux-x86_64-fedora-clang 1.0.1 44.43 OK
r-devel-linux-x86_64-fedora-gcc 1.0.1 34.12 OK
r-devel-windows-ix86+x86_64 1.0.1 9.00 38.00 47.00 OK
r-patched-linux-x86_64 1.0.1 2.88 26.11 28.99 OK
r-patched-solaris-x86 1.0.1 57.10 NOTE
r-release-linux-x86_64 1.0.1 3.35 25.98 29.33 OK
r-release-osx-x86_64 1.0.1 OK
r-release-windows-ix86+x86_64 1.0.1 8.00 49.00 57.00 OK
r-oldrel-osx-x86_64 1.0.1 OK
r-oldrel-windows-ix86+x86_64 1.0.1 12.00 39.00 51.00 OK

Check Details

Version: 1.0.1
Check: installed package size
Result: NOTE
     installed size is 5.1Mb
     sub-directories of 1Mb or more:
     htmlwidgets 5.0Mb
Flavor: r-patched-solaris-x86