CRAN Package Check Results for Package jsTree

Last updated on 2019-11-15 12:48:05 CET.

Flavor Version Tinstall Tcheck Ttotal Status Flags
r-devel-linux-x86_64-debian-clang 1.0.1 3.35 28.33 31.68 OK
r-devel-linux-x86_64-debian-gcc 1.0.1 2.69 21.76 24.45 OK
r-devel-linux-x86_64-fedora-clang 1.0.1 37.76 OK
r-devel-linux-x86_64-fedora-gcc 1.0.1 36.58 OK
r-devel-windows-ix86+x86_64 1.0.1 19.00 39.00 58.00 OK
r-patched-linux-x86_64 1.0.1 2.97 26.70 29.67 OK
r-patched-solaris-x86 1.0.1 56.70 NOTE
r-release-linux-x86_64 1.0.1 2.83 26.29 29.12 OK
r-release-windows-ix86+x86_64 1.0.1 10.00 59.00 69.00 OK
r-release-osx-x86_64 1.0.1 OK
r-oldrel-windows-ix86+x86_64 1.0.1 8.00 58.00 66.00 OK

Check Details

Version: 1.0.1
Check: installed package size
Result: NOTE
     installed size is 5.1Mb
     sub-directories of 1Mb or more:
     htmlwidgets 5.0Mb
Flavor: r-patched-solaris-x86