CRAN Package Check Results for Package jstor

Last updated on 2020-06-03 12:49:10 CEST.

Flavor Version Tinstall Tcheck Ttotal Status Flags
r-devel-linux-x86_64-debian-clang 0.3.8 6.86 75.06 81.92 ERROR
r-devel-linux-x86_64-debian-gcc 0.3.8 4.46 57.03 61.49 ERROR
r-devel-linux-x86_64-fedora-clang 0.3.8 104.00 ERROR
r-devel-linux-x86_64-fedora-gcc 0.3.8 94.60 ERROR
r-devel-windows-ix86+x86_64 0.3.8 28.00 127.00 155.00 ERROR
r-patched-linux-x86_64 0.3.8 6.91 72.75 79.66 ERROR
r-patched-solaris-x86 0.3.8 161.40 ERROR
r-release-linux-x86_64 0.3.8 5.75 72.03 77.78 ERROR
r-release-osx-x86_64 0.3.8 OK
r-release-windows-ix86+x86_64 0.3.8 16.00 98.00 114.00 ERROR
r-oldrel-osx-x86_64 0.3.8 OK
r-oldrel-windows-ix86+x86_64 0.3.8 12.00 87.00 99.00 OK

Check Details

Version: 0.3.8
Check: tests
Result: ERROR
     Running 'testthat.R' [13s/27s]
    Running the tests in 'tests/testthat.R' failed.
    Complete output:
     > library(testthat)
     > library(jstor)
     >
     > test_check("jstor")
     -- 1. Failure: journal id is unified (@test-augment.R#75) ---------------------
     `output` not equal to `correct_out`.
     Names: 16 string mismatches
     Component 2: 1 string mismatch
     Component 3: 1 string mismatch
     Component 4: 'is.NA' value mismatch: 0 in current 1 in target
     Component 6: 'is.NA' value mismatch: 1 in current 0 in target
     Component 7: 1 string mismatch
     Component 8: 1 string mismatch
     Component 9: 1 string mismatch
     Component 10: 1 string mismatch
     ...
    
     -- 2. Failure: files with column names can be re-read (@test-re-import.R#212) -
     jst_re_import("testfiles/re-import/wi_col_journal_article_jst_get_article-1.csv") not equal to `article`.
     Attributes: < Component "class": Lengths (4, 3) differ (string compare on first 3) >
     Attributes: < Component "class": 3 string mismatches >
    
     -- 3. Failure: files with column names can be re-read (@test-re-import.R#216) -
     jst_re_import("testfiles/re-import/wi_col_journal_article_jst_get_authors-1.csv") not equal to `authors`.
     Attributes: < Component "class": Lengths (4, 3) differ (string compare on first 3) >
     Attributes: < Component "class": 3 string mismatches >
    
     -- 4. Failure: files with column names can be re-read (@test-re-import.R#220) -
     jst_re_import("testfiles/re-import/wi_col_journal_article_jst_get_footnotes-1.csv") not equal to `footnotes`.
     Attributes: < Component "class": Lengths (4, 3) differ (string compare on first 3) >
     Attributes: < Component "class": 3 string mismatches >
    
     -- 5. Failure: files with column names can be re-read (@test-re-import.R#224) -
     jst_re_import("testfiles/re-import/wi_col_journal_article_jst_get_references-1.csv") not equal to `references`.
     Attributes: < Component "class": Lengths (4, 3) differ (string compare on first 3) >
     Attributes: < Component "class": 3 string mismatches >
    
     -- 6. Failure: files with column names can be re-read (@test-re-import.R#228) -
     jst_re_import("testfiles/re-import/wi_col_ngram1_jst_get_ngram-1.csv") not equal to `ngram`.
     Attributes: < Component "class": Lengths (4, 3) differ (string compare on first 3) >
     Attributes: < Component "class": 3 string mismatches >
    
     -- 7. Failure: files without column names can be re-read (@test-re-import.R#244)
     jst_re_import("testfiles/re-import/wo_col_journal_article_jst_get_article-1.csv") not equal to `article`.
     Attributes: < Component "class": Lengths (4, 3) differ (string compare on first 3) >
     Attributes: < Component "class": 3 string mismatches >
    
     -- 8. Failure: files without column names can be re-read (@test-re-import.R#248)
     jst_re_import("testfiles/re-import/wo_col_journal_article_jst_get_authors-1.csv") not equal to `authors`.
     Attributes: < Component "class": Lengths (4, 3) differ (string compare on first 3) >
     Attributes: < Component "class": 3 string mismatches >
    
     -- 9. Failure: files without column names can be re-read (@test-re-import.R#252)
     jst_re_import("testfiles/re-import/wo_col_ngram1_jst_get_ngram-1.csv") not equal to `ngram`.
     Attributes: < Component "class": Lengths (4, 3) differ (string compare on first 3) >
     Attributes: < Component "class": 3 string mismatches >
    
     -- 10. Failure: files without column names can be re-read (@test-re-import.R#256
     jst_re_import("testfiles/re-import/wo_col_journal_article_jst_get_footnotes_wi_cont-1.csv") not equal to `footnotes_wi_cont`.
     Attributes: < Component "class": Lengths (4, 3) differ (string compare on first 3) >
     Attributes: < Component "class": 3 string mismatches >
    
     -- 11. Failure: files without column names can be re-read (@test-re-import.R#260
     jst_re_import("testfiles/re-import/wo_col_journal_article_jst_get_references_wi_cont-1.csv") not equal to `references_wi_cont`.
     Attributes: < Component "class": Lengths (4, 3) differ (string compare on first 3) >
     Attributes: < Component "class": 3 string mismatches >
    
     -- 12. Failure: files without column names can be re-read (@test-re-import.R#264
     jst_re_import("testfiles/re-import/wo_col_journal_article_jst_get_references-1.csv") not equal to `references`.
     Attributes: < Component "class": Lengths (4, 3) differ (string compare on first 3) >
     Attributes: < Component "class": 3 string mismatches >
    
     -- 13. Failure: files with column names can be combined (@test-re-import.R#294)
     purrr::pluck(combined, 1) not identical to `combined_book`.
     Objects equal but not identical
    
     -- 14. Failure: files with column names can be combined (@test-re-import.R#295)
     purrr::pluck(combined, 2) not identical to `combined_chapter`.
     Objects equal but not identical
    
     == testthat results ===========================================================
     [ OK: 239 | SKIPPED: 4 | WARNINGS: 0 | FAILED: 14 ]
     1. Failure: journal id is unified (@test-augment.R#75)
     2. Failure: files with column names can be re-read (@test-re-import.R#212)
     3. Failure: files with column names can be re-read (@test-re-import.R#216)
     4. Failure: files with column names can be re-read (@test-re-import.R#220)
     5. Failure: files with column names can be re-read (@test-re-import.R#224)
     6. Failure: files with column names can be re-read (@test-re-import.R#228)
     7. Failure: files without column names can be re-read (@test-re-import.R#244)
     8. Failure: files without column names can be re-read (@test-re-import.R#248)
     9. Failure: files without column names can be re-read (@test-re-import.R#252)
     1. ...
    
     Error: testthat unit tests failed
     Execution halted
Flavor: r-devel-linux-x86_64-debian-clang

Version: 0.3.8
Check: tests
Result: ERROR
     Running ‘testthat.R’ [9s/27s]
    Running the tests in ‘tests/testthat.R’ failed.
    Complete output:
     > library(testthat)
     > library(jstor)
     >
     > test_check("jstor")
     ── 1. Failure: journal id is unified (@test-augment.R#75) ─────────────────────
     `output` not equal to `correct_out`.
     Names: 16 string mismatches
     Component 2: 1 string mismatch
     Component 3: 1 string mismatch
     Component 4: 'is.NA' value mismatch: 0 in current 1 in target
     Component 6: 'is.NA' value mismatch: 1 in current 0 in target
     Component 7: 1 string mismatch
     Component 8: 1 string mismatch
     Component 9: 1 string mismatch
     Component 10: 1 string mismatch
     ...
    
     ── 2. Failure: files with column names can be re-read (@test-re-import.R#212) ─
     jst_re_import("testfiles/re-import/wi_col_journal_article_jst_get_article-1.csv") not equal to `article`.
     Attributes: < Component "class": Lengths (4, 3) differ (string compare on first 3) >
     Attributes: < Component "class": 3 string mismatches >
    
     ── 3. Failure: files with column names can be re-read (@test-re-import.R#216) ─
     jst_re_import("testfiles/re-import/wi_col_journal_article_jst_get_authors-1.csv") not equal to `authors`.
     Attributes: < Component "class": Lengths (4, 3) differ (string compare on first 3) >
     Attributes: < Component "class": 3 string mismatches >
    
     ── 4. Failure: files with column names can be re-read (@test-re-import.R#220) ─
     jst_re_import("testfiles/re-import/wi_col_journal_article_jst_get_footnotes-1.csv") not equal to `footnotes`.
     Attributes: < Component "class": Lengths (4, 3) differ (string compare on first 3) >
     Attributes: < Component "class": 3 string mismatches >
    
     ── 5. Failure: files with column names can be re-read (@test-re-import.R#224) ─
     jst_re_import("testfiles/re-import/wi_col_journal_article_jst_get_references-1.csv") not equal to `references`.
     Attributes: < Component "class": Lengths (4, 3) differ (string compare on first 3) >
     Attributes: < Component "class": 3 string mismatches >
    
     ── 6. Failure: files with column names can be re-read (@test-re-import.R#228) ─
     jst_re_import("testfiles/re-import/wi_col_ngram1_jst_get_ngram-1.csv") not equal to `ngram`.
     Attributes: < Component "class": Lengths (4, 3) differ (string compare on first 3) >
     Attributes: < Component "class": 3 string mismatches >
    
     ── 7. Failure: files without column names can be re-read (@test-re-import.R#244)
     jst_re_import("testfiles/re-import/wo_col_journal_article_jst_get_article-1.csv") not equal to `article`.
     Attributes: < Component "class": Lengths (4, 3) differ (string compare on first 3) >
     Attributes: < Component "class": 3 string mismatches >
    
     ── 8. Failure: files without column names can be re-read (@test-re-import.R#248)
     jst_re_import("testfiles/re-import/wo_col_journal_article_jst_get_authors-1.csv") not equal to `authors`.
     Attributes: < Component "class": Lengths (4, 3) differ (string compare on first 3) >
     Attributes: < Component "class": 3 string mismatches >
    
     ── 9. Failure: files without column names can be re-read (@test-re-import.R#252)
     jst_re_import("testfiles/re-import/wo_col_ngram1_jst_get_ngram-1.csv") not equal to `ngram`.
     Attributes: < Component "class": Lengths (4, 3) differ (string compare on first 3) >
     Attributes: < Component "class": 3 string mismatches >
    
     ── 10. Failure: files without column names can be re-read (@test-re-import.R#256
     jst_re_import("testfiles/re-import/wo_col_journal_article_jst_get_footnotes_wi_cont-1.csv") not equal to `footnotes_wi_cont`.
     Attributes: < Component "class": Lengths (4, 3) differ (string compare on first 3) >
     Attributes: < Component "class": 3 string mismatches >
    
     ── 11. Failure: files without column names can be re-read (@test-re-import.R#260
     jst_re_import("testfiles/re-import/wo_col_journal_article_jst_get_references_wi_cont-1.csv") not equal to `references_wi_cont`.
     Attributes: < Component "class": Lengths (4, 3) differ (string compare on first 3) >
     Attributes: < Component "class": 3 string mismatches >
    
     ── 12. Failure: files without column names can be re-read (@test-re-import.R#264
     jst_re_import("testfiles/re-import/wo_col_journal_article_jst_get_references-1.csv") not equal to `references`.
     Attributes: < Component "class": Lengths (4, 3) differ (string compare on first 3) >
     Attributes: < Component "class": 3 string mismatches >
    
     ── 13. Failure: files with column names can be combined (@test-re-import.R#294)
     purrr::pluck(combined, 1) not identical to `combined_book`.
     Objects equal but not identical
    
     ── 14. Failure: files with column names can be combined (@test-re-import.R#295)
     purrr::pluck(combined, 2) not identical to `combined_chapter`.
     Objects equal but not identical
    
     ══ testthat results ═══════════════════════════════════════════════════════════
     [ OK: 239 | SKIPPED: 4 | WARNINGS: 0 | FAILED: 14 ]
     1. Failure: journal id is unified (@test-augment.R#75)
     2. Failure: files with column names can be re-read (@test-re-import.R#212)
     3. Failure: files with column names can be re-read (@test-re-import.R#216)
     4. Failure: files with column names can be re-read (@test-re-import.R#220)
     5. Failure: files with column names can be re-read (@test-re-import.R#224)
     6. Failure: files with column names can be re-read (@test-re-import.R#228)
     7. Failure: files without column names can be re-read (@test-re-import.R#244)
     8. Failure: files without column names can be re-read (@test-re-import.R#248)
     9. Failure: files without column names can be re-read (@test-re-import.R#252)
     1. ...
    
     Error: testthat unit tests failed
     Execution halted
Flavor: r-devel-linux-x86_64-debian-gcc

Version: 0.3.8
Check: tests
Result: ERROR
     Running ‘testthat.R’ [13s/24s]
    Running the tests in ‘tests/testthat.R’ failed.
    Complete output:
     > library(testthat)
     > library(jstor)
     >
     > test_check("jstor")
     ── 1. Failure: journal id is unified (@test-augment.R#75) ─────────────────────
     `output` not equal to `correct_out`.
     Names: 16 string mismatches
     Component 2: 1 string mismatch
     Component 3: 1 string mismatch
     Component 4: 'is.NA' value mismatch: 0 in current 1 in target
     Component 6: 'is.NA' value mismatch: 1 in current 0 in target
     Component 7: 1 string mismatch
     Component 8: 1 string mismatch
     Component 9: 1 string mismatch
     Component 10: 1 string mismatch
     ...
    
     ── 2. Failure: files with column names can be re-read (@test-re-import.R#212) ─
     jst_re_import("testfiles/re-import/wi_col_journal_article_jst_get_article-1.csv") not equal to `article`.
     Attributes: < Component "class": Lengths (4, 3) differ (string compare on first 3) >
     Attributes: < Component "class": 3 string mismatches >
    
     ── 3. Failure: files with column names can be re-read (@test-re-import.R#216) ─
     jst_re_import("testfiles/re-import/wi_col_journal_article_jst_get_authors-1.csv") not equal to `authors`.
     Attributes: < Component "class": Lengths (4, 3) differ (string compare on first 3) >
     Attributes: < Component "class": 3 string mismatches >
    
     ── 4. Failure: files with column names can be re-read (@test-re-import.R#220) ─
     jst_re_import("testfiles/re-import/wi_col_journal_article_jst_get_footnotes-1.csv") not equal to `footnotes`.
     Attributes: < Component "class": Lengths (4, 3) differ (string compare on first 3) >
     Attributes: < Component "class": 3 string mismatches >
    
     ── 5. Failure: files with column names can be re-read (@test-re-import.R#224) ─
     jst_re_import("testfiles/re-import/wi_col_journal_article_jst_get_references-1.csv") not equal to `references`.
     Attributes: < Component "class": Lengths (4, 3) differ (string compare on first 3) >
     Attributes: < Component "class": 3 string mismatches >
    
     ── 6. Failure: files with column names can be re-read (@test-re-import.R#228) ─
     jst_re_import("testfiles/re-import/wi_col_ngram1_jst_get_ngram-1.csv") not equal to `ngram`.
     Attributes: < Component "class": Lengths (4, 3) differ (string compare on first 3) >
     Attributes: < Component "class": 3 string mismatches >
    
     ── 7. Failure: files without column names can be re-read (@test-re-import.R#244)
     jst_re_import("testfiles/re-import/wo_col_journal_article_jst_get_article-1.csv") not equal to `article`.
     Attributes: < Component "class": Lengths (4, 3) differ (string compare on first 3) >
     Attributes: < Component "class": 3 string mismatches >
    
     ── 8. Failure: files without column names can be re-read (@test-re-import.R#248)
     jst_re_import("testfiles/re-import/wo_col_journal_article_jst_get_authors-1.csv") not equal to `authors`.
     Attributes: < Component "class": Lengths (4, 3) differ (string compare on first 3) >
     Attributes: < Component "class": 3 string mismatches >
    
     ── 9. Failure: files without column names can be re-read (@test-re-import.R#252)
     jst_re_import("testfiles/re-import/wo_col_ngram1_jst_get_ngram-1.csv") not equal to `ngram`.
     Attributes: < Component "class": Lengths (4, 3) differ (string compare on first 3) >
     Attributes: < Component "class": 3 string mismatches >
    
     ── 10. Failure: files without column names can be re-read (@test-re-import.R#256
     jst_re_import("testfiles/re-import/wo_col_journal_article_jst_get_footnotes_wi_cont-1.csv") not equal to `footnotes_wi_cont`.
     Attributes: < Component "class": Lengths (4, 3) differ (string compare on first 3) >
     Attributes: < Component "class": 3 string mismatches >
    
     ── 11. Failure: files without column names can be re-read (@test-re-import.R#260
     jst_re_import("testfiles/re-import/wo_col_journal_article_jst_get_references_wi_cont-1.csv") not equal to `references_wi_cont`.
     Attributes: < Component "class": Lengths (4, 3) differ (string compare on first 3) >
     Attributes: < Component "class": 3 string mismatches >
    
     ── 12. Failure: files without column names can be re-read (@test-re-import.R#264
     jst_re_import("testfiles/re-import/wo_col_journal_article_jst_get_references-1.csv") not equal to `references`.
     Attributes: < Component "class": Lengths (4, 3) differ (string compare on first 3) >
     Attributes: < Component "class": 3 string mismatches >
    
     ── 13. Failure: files with column names can be combined (@test-re-import.R#294)
     purrr::pluck(combined, 1) not identical to `combined_book`.
     Objects equal but not identical
    
     ── 14. Failure: files with column names can be combined (@test-re-import.R#295)
     purrr::pluck(combined, 2) not identical to `combined_chapter`.
     Objects equal but not identical
    
     ══ testthat results ═══════════════════════════════════════════════════════════
     [ OK: 239 | SKIPPED: 4 | WARNINGS: 0 | FAILED: 14 ]
     1. Failure: journal id is unified (@test-augment.R#75)
     2. Failure: files with column names can be re-read (@test-re-import.R#212)
     3. Failure: files with column names can be re-read (@test-re-import.R#216)
     4. Failure: files with column names can be re-read (@test-re-import.R#220)
     5. Failure: files with column names can be re-read (@test-re-import.R#224)
     6. Failure: files with column names can be re-read (@test-re-import.R#228)
     7. Failure: files without column names can be re-read (@test-re-import.R#244)
     8. Failure: files without column names can be re-read (@test-re-import.R#248)
     9. Failure: files without column names can be re-read (@test-re-import.R#252)
     1. ...
    
     Error: testthat unit tests failed
     Execution halted
Flavor: r-devel-linux-x86_64-fedora-clang

Version: 0.3.8
Check: tests
Result: ERROR
     Running ‘testthat.R’ [13s/25s]
    Running the tests in ‘tests/testthat.R’ failed.
    Complete output:
     > library(testthat)
     > library(jstor)
     >
     > test_check("jstor")
     ── 1. Failure: journal id is unified (@test-augment.R#75) ─────────────────────
     `output` not equal to `correct_out`.
     Names: 16 string mismatches
     Component 2: 1 string mismatch
     Component 3: 1 string mismatch
     Component 4: 'is.NA' value mismatch: 0 in current 1 in target
     Component 6: 'is.NA' value mismatch: 1 in current 0 in target
     Component 7: 1 string mismatch
     Component 8: 1 string mismatch
     Component 9: 1 string mismatch
     Component 10: 1 string mismatch
     ...
    
     ── 2. Failure: files with column names can be re-read (@test-re-import.R#212) ─
     jst_re_import("testfiles/re-import/wi_col_journal_article_jst_get_article-1.csv") not equal to `article`.
     Attributes: < Component "class": Lengths (4, 3) differ (string compare on first 3) >
     Attributes: < Component "class": 3 string mismatches >
    
     ── 3. Failure: files with column names can be re-read (@test-re-import.R#216) ─
     jst_re_import("testfiles/re-import/wi_col_journal_article_jst_get_authors-1.csv") not equal to `authors`.
     Attributes: < Component "class": Lengths (4, 3) differ (string compare on first 3) >
     Attributes: < Component "class": 3 string mismatches >
    
     ── 4. Failure: files with column names can be re-read (@test-re-import.R#220) ─
     jst_re_import("testfiles/re-import/wi_col_journal_article_jst_get_footnotes-1.csv") not equal to `footnotes`.
     Attributes: < Component "class": Lengths (4, 3) differ (string compare on first 3) >
     Attributes: < Component "class": 3 string mismatches >
    
     ── 5. Failure: files with column names can be re-read (@test-re-import.R#224) ─
     jst_re_import("testfiles/re-import/wi_col_journal_article_jst_get_references-1.csv") not equal to `references`.
     Attributes: < Component "class": Lengths (4, 3) differ (string compare on first 3) >
     Attributes: < Component "class": 3 string mismatches >
    
     ── 6. Failure: files with column names can be re-read (@test-re-import.R#228) ─
     jst_re_import("testfiles/re-import/wi_col_ngram1_jst_get_ngram-1.csv") not equal to `ngram`.
     Attributes: < Component "class": Lengths (4, 3) differ (string compare on first 3) >
     Attributes: < Component "class": 3 string mismatches >
    
     ── 7. Failure: files without column names can be re-read (@test-re-import.R#244)
     jst_re_import("testfiles/re-import/wo_col_journal_article_jst_get_article-1.csv") not equal to `article`.
     Attributes: < Component "class": Lengths (4, 3) differ (string compare on first 3) >
     Attributes: < Component "class": 3 string mismatches >
    
     ── 8. Failure: files without column names can be re-read (@test-re-import.R#248)
     jst_re_import("testfiles/re-import/wo_col_journal_article_jst_get_authors-1.csv") not equal to `authors`.
     Attributes: < Component "class": Lengths (4, 3) differ (string compare on first 3) >
     Attributes: < Component "class": 3 string mismatches >
    
     ── 9. Failure: files without column names can be re-read (@test-re-import.R#252)
     jst_re_import("testfiles/re-import/wo_col_ngram1_jst_get_ngram-1.csv") not equal to `ngram`.
     Attributes: < Component "class": Lengths (4, 3) differ (string compare on first 3) >
     Attributes: < Component "class": 3 string mismatches >
    
     ── 10. Failure: files without column names can be re-read (@test-re-import.R#256
     jst_re_import("testfiles/re-import/wo_col_journal_article_jst_get_footnotes_wi_cont-1.csv") not equal to `footnotes_wi_cont`.
     Attributes: < Component "class": Lengths (4, 3) differ (string compare on first 3) >
     Attributes: < Component "class": 3 string mismatches >
    
     ── 11. Failure: files without column names can be re-read (@test-re-import.R#260
     jst_re_import("testfiles/re-import/wo_col_journal_article_jst_get_references_wi_cont-1.csv") not equal to `references_wi_cont`.
     Attributes: < Component "class": Lengths (4, 3) differ (string compare on first 3) >
     Attributes: < Component "class": 3 string mismatches >
    
     ── 12. Failure: files without column names can be re-read (@test-re-import.R#264
     jst_re_import("testfiles/re-import/wo_col_journal_article_jst_get_references-1.csv") not equal to `references`.
     Attributes: < Component "class": Lengths (4, 3) differ (string compare on first 3) >
     Attributes: < Component "class": 3 string mismatches >
    
     ── 13. Failure: files with column names can be combined (@test-re-import.R#294)
     purrr::pluck(combined, 1) not identical to `combined_book`.
     Objects equal but not identical
    
     ── 14. Failure: files with column names can be combined (@test-re-import.R#295)
     purrr::pluck(combined, 2) not identical to `combined_chapter`.
     Objects equal but not identical
    
     ══ testthat results ═══════════════════════════════════════════════════════════
     [ OK: 239 | SKIPPED: 4 | WARNINGS: 0 | FAILED: 14 ]
     1. Failure: journal id is unified (@test-augment.R#75)
     2. Failure: files with column names can be re-read (@test-re-import.R#212)
     3. Failure: files with column names can be re-read (@test-re-import.R#216)
     4. Failure: files with column names can be re-read (@test-re-import.R#220)
     5. Failure: files with column names can be re-read (@test-re-import.R#224)
     6. Failure: files with column names can be re-read (@test-re-import.R#228)
     7. Failure: files without column names can be re-read (@test-re-import.R#244)
     8. Failure: files without column names can be re-read (@test-re-import.R#248)
     9. Failure: files without column names can be re-read (@test-re-import.R#252)
     1. ...
    
     Error: testthat unit tests failed
     Execution halted
Flavor: r-devel-linux-x86_64-fedora-gcc

Version: 0.3.8
Check: tests
Result: ERROR
     Running 'testthat.R' [22s]
    Running the tests in 'tests/testthat.R' failed.
    Complete output:
     > library(testthat)
     > library(jstor)
     >
     > test_check("jstor")
     -- 1. Failure: journal id is unified (@test-augment.R#75) ---------------------
     `output` not equal to `correct_out`.
     Names: 16 string mismatches
     Component 2: 1 string mismatch
     Component 3: 1 string mismatch
     Component 4: 'is.NA' value mismatch: 0 in current 1 in target
     Component 6: 'is.NA' value mismatch: 1 in current 0 in target
     Component 7: 1 string mismatch
     Component 8: 1 string mismatch
     Component 9: 1 string mismatch
     Component 10: 1 string mismatch
     ...
    
     -- 2. Failure: files with column names can be re-read (@test-re-import.R#212) -
     jst_re_import("testfiles/re-import/wi_col_journal_article_jst_get_article-1.csv") not equal to `article`.
     Attributes: < Component "class": Lengths (4, 3) differ (string compare on first 3) >
     Attributes: < Component "class": 3 string mismatches >
    
     -- 3. Failure: files with column names can be re-read (@test-re-import.R#216) -
     jst_re_import("testfiles/re-import/wi_col_journal_article_jst_get_authors-1.csv") not equal to `authors`.
     Attributes: < Component "class": Lengths (4, 3) differ (string compare on first 3) >
     Attributes: < Component "class": 3 string mismatches >
    
     -- 4. Failure: files with column names can be re-read (@test-re-import.R#220) -
     jst_re_import("testfiles/re-import/wi_col_journal_article_jst_get_footnotes-1.csv") not equal to `footnotes`.
     Attributes: < Component "class": Lengths (4, 3) differ (string compare on first 3) >
     Attributes: < Component "class": 3 string mismatches >
    
     -- 5. Failure: files with column names can be re-read (@test-re-import.R#224) -
     jst_re_import("testfiles/re-import/wi_col_journal_article_jst_get_references-1.csv") not equal to `references`.
     Attributes: < Component "class": Lengths (4, 3) differ (string compare on first 3) >
     Attributes: < Component "class": 3 string mismatches >
    
     -- 6. Failure: files with column names can be re-read (@test-re-import.R#228) -
     jst_re_import("testfiles/re-import/wi_col_ngram1_jst_get_ngram-1.csv") not equal to `ngram`.
     Attributes: < Component "class": Lengths (4, 3) differ (string compare on first 3) >
     Attributes: < Component "class": 3 string mismatches >
    
     -- 7. Failure: files without column names can be re-read (@test-re-import.R#244)
     jst_re_import("testfiles/re-import/wo_col_journal_article_jst_get_article-1.csv") not equal to `article`.
     Attributes: < Component "class": Lengths (4, 3) differ (string compare on first 3) >
     Attributes: < Component "class": 3 string mismatches >
    
     -- 8. Failure: files without column names can be re-read (@test-re-import.R#248)
     jst_re_import("testfiles/re-import/wo_col_journal_article_jst_get_authors-1.csv") not equal to `authors`.
     Attributes: < Component "class": Lengths (4, 3) differ (string compare on first 3) >
     Attributes: < Component "class": 3 string mismatches >
    
     -- 9. Failure: files without column names can be re-read (@test-re-import.R#252)
     jst_re_import("testfiles/re-import/wo_col_ngram1_jst_get_ngram-1.csv") not equal to `ngram`.
     Attributes: < Component "class": Lengths (4, 3) differ (string compare on first 3) >
     Attributes: < Component "class": 3 string mismatches >
    
     -- 10. Failure: files without column names can be re-read (@test-re-import.R#256
     jst_re_import("testfiles/re-import/wo_col_journal_article_jst_get_footnotes_wi_cont-1.csv") not equal to `footnotes_wi_cont`.
     Attributes: < Component "class": Lengths (4, 3) differ (string compare on first 3) >
     Attributes: < Component "class": 3 string mismatches >
    
     -- 11. Failure: files without column names can be re-read (@test-re-import.R#260
     jst_re_import("testfiles/re-import/wo_col_journal_article_jst_get_references_wi_cont-1.csv") not equal to `references_wi_cont`.
     Attributes: < Component "class": Lengths (4, 3) differ (string compare on first 3) >
     Attributes: < Component "class": 3 string mismatches >
    
     -- 12. Failure: files without column names can be re-read (@test-re-import.R#264
     jst_re_import("testfiles/re-import/wo_col_journal_article_jst_get_references-1.csv") not equal to `references`.
     Attributes: < Component "class": Lengths (4, 3) differ (string compare on first 3) >
     Attributes: < Component "class": 3 string mismatches >
    
     -- 13. Failure: files with column names can be combined (@test-re-import.R#294)
     purrr::pluck(combined, 1) not identical to `combined_book`.
     Objects equal but not identical
    
     -- 14. Failure: files with column names can be combined (@test-re-import.R#295)
     purrr::pluck(combined, 2) not identical to `combined_chapter`.
     Objects equal but not identical
    
     == testthat results ===========================================================
     [ OK: 234 | SKIPPED: 5 | WARNINGS: 0 | FAILED: 14 ]
     1. Failure: journal id is unified (@test-augment.R#75)
     2. Failure: files with column names can be re-read (@test-re-import.R#212)
     3. Failure: files with column names can be re-read (@test-re-import.R#216)
     4. Failure: files with column names can be re-read (@test-re-import.R#220)
     5. Failure: files with column names can be re-read (@test-re-import.R#224)
     6. Failure: files with column names can be re-read (@test-re-import.R#228)
     7. Failure: files without column names can be re-read (@test-re-import.R#244)
     8. Failure: files without column names can be re-read (@test-re-import.R#248)
     9. Failure: files without column names can be re-read (@test-re-import.R#252)
     1. ...
    
     Error: testthat unit tests failed
     Execution halted
Flavor: r-devel-windows-ix86+x86_64

Version: 0.3.8
Check: tests
Result: ERROR
     Running ‘testthat.R’ [12s/28s]
    Running the tests in ‘tests/testthat.R’ failed.
    Complete output:
     > library(testthat)
     > library(jstor)
     >
     > test_check("jstor")
     ── 1. Failure: journal id is unified (@test-augment.R#75) ─────────────────────
     `output` not equal to `correct_out`.
     Names: 16 string mismatches
     Component 2: 1 string mismatch
     Component 3: 1 string mismatch
     Component 4: 'is.NA' value mismatch: 0 in current 1 in target
     Component 6: 'is.NA' value mismatch: 1 in current 0 in target
     Component 7: 1 string mismatch
     Component 8: 1 string mismatch
     Component 9: 1 string mismatch
     Component 10: 1 string mismatch
     ...
    
     ── 2. Failure: files with column names can be re-read (@test-re-import.R#212) ─
     jst_re_import("testfiles/re-import/wi_col_journal_article_jst_get_article-1.csv") not equal to `article`.
     Attributes: < Component "class": Lengths (4, 3) differ (string compare on first 3) >
     Attributes: < Component "class": 3 string mismatches >
    
     ── 3. Failure: files with column names can be re-read (@test-re-import.R#216) ─
     jst_re_import("testfiles/re-import/wi_col_journal_article_jst_get_authors-1.csv") not equal to `authors`.
     Attributes: < Component "class": Lengths (4, 3) differ (string compare on first 3) >
     Attributes: < Component "class": 3 string mismatches >
    
     ── 4. Failure: files with column names can be re-read (@test-re-import.R#220) ─
     jst_re_import("testfiles/re-import/wi_col_journal_article_jst_get_footnotes-1.csv") not equal to `footnotes`.
     Attributes: < Component "class": Lengths (4, 3) differ (string compare on first 3) >
     Attributes: < Component "class": 3 string mismatches >
    
     ── 5. Failure: files with column names can be re-read (@test-re-import.R#224) ─
     jst_re_import("testfiles/re-import/wi_col_journal_article_jst_get_references-1.csv") not equal to `references`.
     Attributes: < Component "class": Lengths (4, 3) differ (string compare on first 3) >
     Attributes: < Component "class": 3 string mismatches >
    
     ── 6. Failure: files with column names can be re-read (@test-re-import.R#228) ─
     jst_re_import("testfiles/re-import/wi_col_ngram1_jst_get_ngram-1.csv") not equal to `ngram`.
     Attributes: < Component "class": Lengths (4, 3) differ (string compare on first 3) >
     Attributes: < Component "class": 3 string mismatches >
    
     ── 7. Failure: files without column names can be re-read (@test-re-import.R#244)
     jst_re_import("testfiles/re-import/wo_col_journal_article_jst_get_article-1.csv") not equal to `article`.
     Attributes: < Component "class": Lengths (4, 3) differ (string compare on first 3) >
     Attributes: < Component "class": 3 string mismatches >
    
     ── 8. Failure: files without column names can be re-read (@test-re-import.R#248)
     jst_re_import("testfiles/re-import/wo_col_journal_article_jst_get_authors-1.csv") not equal to `authors`.
     Attributes: < Component "class": Lengths (4, 3) differ (string compare on first 3) >
     Attributes: < Component "class": 3 string mismatches >
    
     ── 9. Failure: files without column names can be re-read (@test-re-import.R#252)
     jst_re_import("testfiles/re-import/wo_col_ngram1_jst_get_ngram-1.csv") not equal to `ngram`.
     Attributes: < Component "class": Lengths (4, 3) differ (string compare on first 3) >
     Attributes: < Component "class": 3 string mismatches >
    
     ── 10. Failure: files without column names can be re-read (@test-re-import.R#256
     jst_re_import("testfiles/re-import/wo_col_journal_article_jst_get_footnotes_wi_cont-1.csv") not equal to `footnotes_wi_cont`.
     Attributes: < Component "class": Lengths (4, 3) differ (string compare on first 3) >
     Attributes: < Component "class": 3 string mismatches >
    
     ── 11. Failure: files without column names can be re-read (@test-re-import.R#260
     jst_re_import("testfiles/re-import/wo_col_journal_article_jst_get_references_wi_cont-1.csv") not equal to `references_wi_cont`.
     Attributes: < Component "class": Lengths (4, 3) differ (string compare on first 3) >
     Attributes: < Component "class": 3 string mismatches >
    
     ── 12. Failure: files without column names can be re-read (@test-re-import.R#264
     jst_re_import("testfiles/re-import/wo_col_journal_article_jst_get_references-1.csv") not equal to `references`.
     Attributes: < Component "class": Lengths (4, 3) differ (string compare on first 3) >
     Attributes: < Component "class": 3 string mismatches >
    
     ── 13. Failure: files with column names can be combined (@test-re-import.R#294)
     purrr::pluck(combined, 1) not identical to `combined_book`.
     Objects equal but not identical
    
     ── 14. Failure: files with column names can be combined (@test-re-import.R#295)
     purrr::pluck(combined, 2) not identical to `combined_chapter`.
     Objects equal but not identical
    
     ══ testthat results ═══════════════════════════════════════════════════════════
     [ OK: 239 | SKIPPED: 4 | WARNINGS: 0 | FAILED: 14 ]
     1. Failure: journal id is unified (@test-augment.R#75)
     2. Failure: files with column names can be re-read (@test-re-import.R#212)
     3. Failure: files with column names can be re-read (@test-re-import.R#216)
     4. Failure: files with column names can be re-read (@test-re-import.R#220)
     5. Failure: files with column names can be re-read (@test-re-import.R#224)
     6. Failure: files with column names can be re-read (@test-re-import.R#228)
     7. Failure: files without column names can be re-read (@test-re-import.R#244)
     8. Failure: files without column names can be re-read (@test-re-import.R#248)
     9. Failure: files without column names can be re-read (@test-re-import.R#252)
     1. ...
    
     Error: testthat unit tests failed
     Execution halted
Flavor: r-patched-linux-x86_64

Version: 0.3.8
Check: tests
Result: ERROR
     Running ‘testthat.R’ [32s/51s]
    Running the tests in ‘tests/testthat.R’ failed.
    Complete output:
     > library(testthat)
     > library(jstor)
     >
     > test_check("jstor")
     ── 1. Failure: journal id is unified (@test-augment.R#75) ─────────────────────
     `output` not equal to `correct_out`.
     Names: 16 string mismatches
     Component 2: 1 string mismatch
     Component 3: 1 string mismatch
     Component 4: 'is.NA' value mismatch: 0 in current 1 in target
     Component 6: 'is.NA' value mismatch: 1 in current 0 in target
     Component 7: 1 string mismatch
     Component 8: 1 string mismatch
     Component 9: 1 string mismatch
     Component 10: 1 string mismatch
     ...
    
     ── 2. Failure: files with column names can be re-read (@test-re-import.R#212) ─
     jst_re_import("testfiles/re-import/wi_col_journal_article_jst_get_article-1.csv") not equal to `article`.
     Attributes: < Component "class": Lengths (4, 3) differ (string compare on first 3) >
     Attributes: < Component "class": 3 string mismatches >
    
     ── 3. Failure: files with column names can be re-read (@test-re-import.R#216) ─
     jst_re_import("testfiles/re-import/wi_col_journal_article_jst_get_authors-1.csv") not equal to `authors`.
     Attributes: < Component "class": Lengths (4, 3) differ (string compare on first 3) >
     Attributes: < Component "class": 3 string mismatches >
    
     ── 4. Failure: files with column names can be re-read (@test-re-import.R#220) ─
     jst_re_import("testfiles/re-import/wi_col_journal_article_jst_get_footnotes-1.csv") not equal to `footnotes`.
     Attributes: < Component "class": Lengths (4, 3) differ (string compare on first 3) >
     Attributes: < Component "class": 3 string mismatches >
    
     ── 5. Failure: files with column names can be re-read (@test-re-import.R#224) ─
     jst_re_import("testfiles/re-import/wi_col_journal_article_jst_get_references-1.csv") not equal to `references`.
     Attributes: < Component "class": Lengths (4, 3) differ (string compare on first 3) >
     Attributes: < Component "class": 3 string mismatches >
    
     ── 6. Failure: files with column names can be re-read (@test-re-import.R#228) ─
     jst_re_import("testfiles/re-import/wi_col_ngram1_jst_get_ngram-1.csv") not equal to `ngram`.
     Attributes: < Component "class": Lengths (4, 3) differ (string compare on first 3) >
     Attributes: < Component "class": 3 string mismatches >
    
     ── 7. Failure: files without column names can be re-read (@test-re-import.R#244)
     jst_re_import("testfiles/re-import/wo_col_journal_article_jst_get_article-1.csv") not equal to `article`.
     Attributes: < Component "class": Lengths (4, 3) differ (string compare on first 3) >
     Attributes: < Component "class": 3 string mismatches >
    
     ── 8. Failure: files without column names can be re-read (@test-re-import.R#248)
     jst_re_import("testfiles/re-import/wo_col_journal_article_jst_get_authors-1.csv") not equal to `authors`.
     Attributes: < Component "class": Lengths (4, 3) differ (string compare on first 3) >
     Attributes: < Component "class": 3 string mismatches >
    
     ── 9. Failure: files without column names can be re-read (@test-re-import.R#252)
     jst_re_import("testfiles/re-import/wo_col_ngram1_jst_get_ngram-1.csv") not equal to `ngram`.
     Attributes: < Component "class": Lengths (4, 3) differ (string compare on first 3) >
     Attributes: < Component "class": 3 string mismatches >
    
     ── 10. Failure: files without column names can be re-read (@test-re-import.R#256
     jst_re_import("testfiles/re-import/wo_col_journal_article_jst_get_footnotes_wi_cont-1.csv") not equal to `footnotes_wi_cont`.
     Attributes: < Component "class": Lengths (4, 3) differ (string compare on first 3) >
     Attributes: < Component "class": 3 string mismatches >
    
     ── 11. Failure: files without column names can be re-read (@test-re-import.R#260
     jst_re_import("testfiles/re-import/wo_col_journal_article_jst_get_references_wi_cont-1.csv") not equal to `references_wi_cont`.
     Attributes: < Component "class": Lengths (4, 3) differ (string compare on first 3) >
     Attributes: < Component "class": 3 string mismatches >
    
     ── 12. Failure: files without column names can be re-read (@test-re-import.R#264
     jst_re_import("testfiles/re-import/wo_col_journal_article_jst_get_references-1.csv") not equal to `references`.
     Attributes: < Component "class": Lengths (4, 3) differ (string compare on first 3) >
     Attributes: < Component "class": 3 string mismatches >
    
     ── 13. Failure: files with column names can be combined (@test-re-import.R#294)
     purrr::pluck(combined, 1) not identical to `combined_book`.
     Objects equal but not identical
    
     ── 14. Failure: files with column names can be combined (@test-re-import.R#295)
     purrr::pluck(combined, 2) not identical to `combined_chapter`.
     Objects equal but not identical
    
     ══ testthat results ═══════════════════════════════════════════════════════════
     [ OK: 239 | SKIPPED: 4 | WARNINGS: 0 | FAILED: 14 ]
     1. Failure: journal id is unified (@test-augment.R#75)
     2. Failure: files with column names can be re-read (@test-re-import.R#212)
     3. Failure: files with column names can be re-read (@test-re-import.R#216)
     4. Failure: files with column names can be re-read (@test-re-import.R#220)
     5. Failure: files with column names can be re-read (@test-re-import.R#224)
     6. Failure: files with column names can be re-read (@test-re-import.R#228)
     7. Failure: files without column names can be re-read (@test-re-import.R#244)
     8. Failure: files without column names can be re-read (@test-re-import.R#248)
     9. Failure: files without column names can be re-read (@test-re-import.R#252)
     1. ...
    
     Error: testthat unit tests failed
     Execution halted
Flavor: r-patched-solaris-x86

Version: 0.3.8
Check: tests
Result: ERROR
     Running ‘testthat.R’ [12s/26s]
    Running the tests in ‘tests/testthat.R’ failed.
    Complete output:
     > library(testthat)
     > library(jstor)
     >
     > test_check("jstor")
     ── 1. Failure: journal id is unified (@test-augment.R#75) ─────────────────────
     `output` not equal to `correct_out`.
     Names: 16 string mismatches
     Component 2: 1 string mismatch
     Component 3: 1 string mismatch
     Component 4: 'is.NA' value mismatch: 0 in current 1 in target
     Component 6: 'is.NA' value mismatch: 1 in current 0 in target
     Component 7: 1 string mismatch
     Component 8: 1 string mismatch
     Component 9: 1 string mismatch
     Component 10: 1 string mismatch
     ...
    
     ── 2. Failure: files with column names can be re-read (@test-re-import.R#212) ─
     jst_re_import("testfiles/re-import/wi_col_journal_article_jst_get_article-1.csv") not equal to `article`.
     Attributes: < Component "class": Lengths (4, 3) differ (string compare on first 3) >
     Attributes: < Component "class": 3 string mismatches >
    
     ── 3. Failure: files with column names can be re-read (@test-re-import.R#216) ─
     jst_re_import("testfiles/re-import/wi_col_journal_article_jst_get_authors-1.csv") not equal to `authors`.
     Attributes: < Component "class": Lengths (4, 3) differ (string compare on first 3) >
     Attributes: < Component "class": 3 string mismatches >
    
     ── 4. Failure: files with column names can be re-read (@test-re-import.R#220) ─
     jst_re_import("testfiles/re-import/wi_col_journal_article_jst_get_footnotes-1.csv") not equal to `footnotes`.
     Attributes: < Component "class": Lengths (4, 3) differ (string compare on first 3) >
     Attributes: < Component "class": 3 string mismatches >
    
     ── 5. Failure: files with column names can be re-read (@test-re-import.R#224) ─
     jst_re_import("testfiles/re-import/wi_col_journal_article_jst_get_references-1.csv") not equal to `references`.
     Attributes: < Component "class": Lengths (4, 3) differ (string compare on first 3) >
     Attributes: < Component "class": 3 string mismatches >
    
     ── 6. Failure: files with column names can be re-read (@test-re-import.R#228) ─
     jst_re_import("testfiles/re-import/wi_col_ngram1_jst_get_ngram-1.csv") not equal to `ngram`.
     Attributes: < Component "class": Lengths (4, 3) differ (string compare on first 3) >
     Attributes: < Component "class": 3 string mismatches >
    
     ── 7. Failure: files without column names can be re-read (@test-re-import.R#244)
     jst_re_import("testfiles/re-import/wo_col_journal_article_jst_get_article-1.csv") not equal to `article`.
     Attributes: < Component "class": Lengths (4, 3) differ (string compare on first 3) >
     Attributes: < Component "class": 3 string mismatches >
    
     ── 8. Failure: files without column names can be re-read (@test-re-import.R#248)
     jst_re_import("testfiles/re-import/wo_col_journal_article_jst_get_authors-1.csv") not equal to `authors`.
     Attributes: < Component "class": Lengths (4, 3) differ (string compare on first 3) >
     Attributes: < Component "class": 3 string mismatches >
    
     ── 9. Failure: files without column names can be re-read (@test-re-import.R#252)
     jst_re_import("testfiles/re-import/wo_col_ngram1_jst_get_ngram-1.csv") not equal to `ngram`.
     Attributes: < Component "class": Lengths (4, 3) differ (string compare on first 3) >
     Attributes: < Component "class": 3 string mismatches >
    
     ── 10. Failure: files without column names can be re-read (@test-re-import.R#256
     jst_re_import("testfiles/re-import/wo_col_journal_article_jst_get_footnotes_wi_cont-1.csv") not equal to `footnotes_wi_cont`.
     Attributes: < Component "class": Lengths (4, 3) differ (string compare on first 3) >
     Attributes: < Component "class": 3 string mismatches >
    
     ── 11. Failure: files without column names can be re-read (@test-re-import.R#260
     jst_re_import("testfiles/re-import/wo_col_journal_article_jst_get_references_wi_cont-1.csv") not equal to `references_wi_cont`.
     Attributes: < Component "class": Lengths (4, 3) differ (string compare on first 3) >
     Attributes: < Component "class": 3 string mismatches >
    
     ── 12. Failure: files without column names can be re-read (@test-re-import.R#264
     jst_re_import("testfiles/re-import/wo_col_journal_article_jst_get_references-1.csv") not equal to `references`.
     Attributes: < Component "class": Lengths (4, 3) differ (string compare on first 3) >
     Attributes: < Component "class": 3 string mismatches >
    
     ── 13. Failure: files with column names can be combined (@test-re-import.R#294)
     purrr::pluck(combined, 1) not identical to `combined_book`.
     Objects equal but not identical
    
     ── 14. Failure: files with column names can be combined (@test-re-import.R#295)
     purrr::pluck(combined, 2) not identical to `combined_chapter`.
     Objects equal but not identical
    
     ══ testthat results ═══════════════════════════════════════════════════════════
     [ OK: 239 | SKIPPED: 4 | WARNINGS: 0 | FAILED: 14 ]
     1. Failure: journal id is unified (@test-augment.R#75)
     2. Failure: files with column names can be re-read (@test-re-import.R#212)
     3. Failure: files with column names can be re-read (@test-re-import.R#216)
     4. Failure: files with column names can be re-read (@test-re-import.R#220)
     5. Failure: files with column names can be re-read (@test-re-import.R#224)
     6. Failure: files with column names can be re-read (@test-re-import.R#228)
     7. Failure: files without column names can be re-read (@test-re-import.R#244)
     8. Failure: files without column names can be re-read (@test-re-import.R#248)
     9. Failure: files without column names can be re-read (@test-re-import.R#252)
     1. ...
    
     Error: testthat unit tests failed
     Execution halted
Flavor: r-release-linux-x86_64

Version: 0.3.8
Check: tests
Result: ERROR
     Running 'testthat.R' [16s]
    Running the tests in 'tests/testthat.R' failed.
    Complete output:
     > library(testthat)
     > library(jstor)
     >
     > test_check("jstor")
     -- 1. Failure: journal id is unified (@test-augment.R#75) ---------------------
     `output` not equal to `correct_out`.
     Names: 16 string mismatches
     Component 2: 1 string mismatch
     Component 3: 1 string mismatch
     Component 4: 'is.NA' value mismatch: 0 in current 1 in target
     Component 6: 'is.NA' value mismatch: 1 in current 0 in target
     Component 7: 1 string mismatch
     Component 8: 1 string mismatch
     Component 9: 1 string mismatch
     Component 10: 1 string mismatch
     ...
    
     -- 2. Failure: files with column names can be re-read (@test-re-import.R#212) -
     jst_re_import("testfiles/re-import/wi_col_journal_article_jst_get_article-1.csv") not equal to `article`.
     Attributes: < Component "class": Lengths (4, 3) differ (string compare on first 3) >
     Attributes: < Component "class": 3 string mismatches >
    
     -- 3. Failure: files with column names can be re-read (@test-re-import.R#216) -
     jst_re_import("testfiles/re-import/wi_col_journal_article_jst_get_authors-1.csv") not equal to `authors`.
     Attributes: < Component "class": Lengths (4, 3) differ (string compare on first 3) >
     Attributes: < Component "class": 3 string mismatches >
    
     -- 4. Failure: files with column names can be re-read (@test-re-import.R#220) -
     jst_re_import("testfiles/re-import/wi_col_journal_article_jst_get_footnotes-1.csv") not equal to `footnotes`.
     Attributes: < Component "class": Lengths (4, 3) differ (string compare on first 3) >
     Attributes: < Component "class": 3 string mismatches >
    
     -- 5. Failure: files with column names can be re-read (@test-re-import.R#224) -
     jst_re_import("testfiles/re-import/wi_col_journal_article_jst_get_references-1.csv") not equal to `references`.
     Attributes: < Component "class": Lengths (4, 3) differ (string compare on first 3) >
     Attributes: < Component "class": 3 string mismatches >
    
     -- 6. Failure: files with column names can be re-read (@test-re-import.R#228) -
     jst_re_import("testfiles/re-import/wi_col_ngram1_jst_get_ngram-1.csv") not equal to `ngram`.
     Attributes: < Component "class": Lengths (4, 3) differ (string compare on first 3) >
     Attributes: < Component "class": 3 string mismatches >
    
     -- 7. Failure: files without column names can be re-read (@test-re-import.R#244)
     jst_re_import("testfiles/re-import/wo_col_journal_article_jst_get_article-1.csv") not equal to `article`.
     Attributes: < Component "class": Lengths (4, 3) differ (string compare on first 3) >
     Attributes: < Component "class": 3 string mismatches >
    
     -- 8. Failure: files without column names can be re-read (@test-re-import.R#248)
     jst_re_import("testfiles/re-import/wo_col_journal_article_jst_get_authors-1.csv") not equal to `authors`.
     Attributes: < Component "class": Lengths (4, 3) differ (string compare on first 3) >
     Attributes: < Component "class": 3 string mismatches >
    
     -- 9. Failure: files without column names can be re-read (@test-re-import.R#252)
     jst_re_import("testfiles/re-import/wo_col_ngram1_jst_get_ngram-1.csv") not equal to `ngram`.
     Attributes: < Component "class": Lengths (4, 3) differ (string compare on first 3) >
     Attributes: < Component "class": 3 string mismatches >
    
     -- 10. Failure: files without column names can be re-read (@test-re-import.R#256
     jst_re_import("testfiles/re-import/wo_col_journal_article_jst_get_footnotes_wi_cont-1.csv") not equal to `footnotes_wi_cont`.
     Attributes: < Component "class": Lengths (4, 3) differ (string compare on first 3) >
     Attributes: < Component "class": 3 string mismatches >
    
     -- 11. Failure: files without column names can be re-read (@test-re-import.R#260
     jst_re_import("testfiles/re-import/wo_col_journal_article_jst_get_references_wi_cont-1.csv") not equal to `references_wi_cont`.
     Attributes: < Component "class": Lengths (4, 3) differ (string compare on first 3) >
     Attributes: < Component "class": 3 string mismatches >
    
     -- 12. Failure: files without column names can be re-read (@test-re-import.R#264
     jst_re_import("testfiles/re-import/wo_col_journal_article_jst_get_references-1.csv") not equal to `references`.
     Attributes: < Component "class": Lengths (4, 3) differ (string compare on first 3) >
     Attributes: < Component "class": 3 string mismatches >
    
     -- 13. Failure: files with column names can be combined (@test-re-import.R#294)
     purrr::pluck(combined, 1) not identical to `combined_book`.
     Objects equal but not identical
    
     -- 14. Failure: files with column names can be combined (@test-re-import.R#295)
     purrr::pluck(combined, 2) not identical to `combined_chapter`.
     Objects equal but not identical
    
     == testthat results ===========================================================
     [ OK: 234 | SKIPPED: 5 | WARNINGS: 0 | FAILED: 14 ]
     1. Failure: journal id is unified (@test-augment.R#75)
     2. Failure: files with column names can be re-read (@test-re-import.R#212)
     3. Failure: files with column names can be re-read (@test-re-import.R#216)
     4. Failure: files with column names can be re-read (@test-re-import.R#220)
     5. Failure: files with column names can be re-read (@test-re-import.R#224)
     6. Failure: files with column names can be re-read (@test-re-import.R#228)
     7. Failure: files without column names can be re-read (@test-re-import.R#244)
     8. Failure: files without column names can be re-read (@test-re-import.R#248)
     9. Failure: files without column names can be re-read (@test-re-import.R#252)
     1. ...
    
     Error: testthat unit tests failed
     Execution halted
Flavor: r-release-windows-ix86+x86_64