CRAN Package Check Results for Package jstor

Last updated on 2019-10-23 12:48:12 CEST.

Flavor Version Tinstall Tcheck Ttotal Status Flags
r-devel-linux-x86_64-debian-clang 0.3.7 5.60 63.67 69.27 OK
r-devel-linux-x86_64-debian-gcc 0.3.7 4.91 49.11 54.02 OK
r-devel-linux-x86_64-fedora-clang 0.3.7 84.36 OK
r-devel-linux-x86_64-fedora-gcc 0.3.7 80.43 OK
r-devel-windows-ix86+x86_64 0.3.7 12.00 110.00 122.00 OK
r-patched-linux-x86_64 0.3.7 4.78 61.04 65.82 OK
r-patched-solaris-x86 0.3.7 125.00 OK
r-release-linux-x86_64 0.3.7 4.65 61.25 65.90 OK
r-release-windows-ix86+x86_64 0.3.7 19.00 74.00 93.00 OK
r-release-osx-x86_64 0.3.7 NOTE
r-oldrel-windows-ix86+x86_64 0.3.7 13.00 101.00 114.00 OK
r-oldrel-osx-x86_64 0.3.7 NOTE

Check Details

Version: 0.3.7
Check: dependencies in R code
Result: NOTE
    Missing or unexported object: ‘tidyr::unnest_legacy’
Flavors: r-release-osx-x86_64, r-oldrel-osx-x86_64