Last updated on 2019-12-10 12:48:04 CET.
Flavor | Version | Tinstall | Tcheck | Ttotal | Status | Flags |
---|---|---|---|---|---|---|
r-devel-linux-x86_64-debian-clang | 2.0.1 | 11.68 | 177.88 | 189.56 | WARN | |
r-devel-linux-x86_64-debian-gcc | 2.0.1 | 9.89 | 132.13 | 142.02 | WARN | |
r-devel-linux-x86_64-fedora-clang | 2.0.1 | 228.10 | WARN | |||
r-devel-linux-x86_64-fedora-gcc | 2.0.1 | 210.97 | WARN | |||
r-devel-windows-ix86+x86_64 | 2.0.1 | 19.00 | 223.00 | 242.00 | OK | |
r-devel-windows-ix86+x86_64-gcc8 | 2.0.1 | 20.00 | 161.00 | 181.00 | OK | |
r-patched-linux-x86_64 | 2.0.1 | 9.32 | 154.70 | 164.02 | WARN | |
r-patched-solaris-x86 | 2.0.1 | 233.10 | WARN | |||
r-release-linux-x86_64 | 2.0.1 | 10.76 | 155.16 | 165.92 | WARN | |
r-release-windows-ix86+x86_64 | 2.0.1 | 19.00 | 163.00 | 182.00 | WARN | |
r-release-osx-x86_64 | 2.0.1 | OK | ||||
r-oldrel-windows-ix86+x86_64 | 2.0.1 | 11.00 | 156.00 | 167.00 | WARN | |
r-oldrel-osx-x86_64 | 2.0.1 | OK |
Version: 2.0.1
Check: Rd cross-references
Result: WARN
Missing link or links in documentation object 'summ.merMod.Rd':
'[piecewiseSEM:sem.model.fits]{piecewiseSEM::sem.model.fits()}'
See section 'Cross-references' in the 'Writing R Extensions' manual.
Flavors: r-devel-linux-x86_64-debian-clang, r-devel-linux-x86_64-debian-gcc, r-devel-linux-x86_64-fedora-clang, r-devel-linux-x86_64-fedora-gcc, r-patched-linux-x86_64, r-patched-solaris-x86, r-release-linux-x86_64, r-release-windows-ix86+x86_64, r-oldrel-windows-ix86+x86_64