CRAN Package Check Results for Package jtools

Last updated on 2020-07-10 12:48:30 CEST.

Flavor Version Tinstall Tcheck Ttotal Status Flags
r-devel-linux-x86_64-debian-clang 2.1.0 12.31 163.23 175.54 OK
r-devel-linux-x86_64-debian-gcc 2.1.0 10.03 120.84 130.87 OK
r-devel-linux-x86_64-fedora-clang 2.1.0 217.98 NOTE
r-devel-linux-x86_64-fedora-gcc 2.1.0 245.74 NOTE
r-devel-windows-ix86+x86_64 2.1.0 21.00 187.00 208.00 OK
r-patched-linux-x86_64 2.1.0 13.02 153.29 166.31 NOTE
r-patched-solaris-x86 2.1.0 264.20 NOTE
r-release-linux-x86_64 2.1.0 12.44 154.51 166.95 OK
r-release-osx-x86_64 2.1.0 NOTE
r-release-windows-ix86+x86_64 2.1.0 24.00 175.00 199.00 OK
r-oldrel-osx-x86_64 2.1.0 NOTE
r-oldrel-windows-ix86+x86_64 2.1.0 30.00 172.00 202.00 OK

Check Details

Version: 2.1.0
Check: Rd cross-references
Result: NOTE
    Undeclared packages ‘wec’, ‘arm’, ‘interactions’, ‘piecewiseSEM’ in Rd xrefs
Flavor: r-devel-linux-x86_64-fedora-clang

Version: 2.1.0
Check: data for non-ASCII characters
Result: NOTE
     Note: found 91 marked UTF-8 strings
Flavors: r-devel-linux-x86_64-fedora-clang, r-devel-linux-x86_64-fedora-gcc, r-patched-solaris-x86, r-release-osx-x86_64, r-oldrel-osx-x86_64

Version: 2.1.0
Check: package dependencies
Result: NOTE
    Package which this enhances but not available for checking: ‘rstanarm’
Flavor: r-patched-linux-x86_64