CRAN Package Check Results for Package juicedown

Last updated on 2025-01-19 05:49:11 CET.

Flavor Version Tinstall Tcheck Ttotal Status Flags
r-devel-linux-x86_64-debian-clang 0.1.1 4.51 38.32 42.83 NOTE
r-devel-linux-x86_64-debian-gcc 0.1.1 3.13 28.22 31.35 NOTE
r-devel-linux-x86_64-fedora-clang 0.1.1 70.92 OK
r-devel-linux-x86_64-fedora-gcc 0.1.1 69.47 OK
r-devel-windows-x86_64 0.1.1 6.00 56.00 62.00 NOTE
r-patched-linux-x86_64 0.1.1 8.85 36.28 45.13 OK
r-release-linux-x86_64 0.1.1 3.95 37.55 41.50 OK
r-release-macos-arm64 0.1.1 24.00 OK
r-release-macos-x86_64 0.1.1 35.00 OK
r-release-windows-x86_64 0.1.1 6.00 59.00 65.00 OK
r-oldrel-macos-arm64 0.1.1 33.00 OK
r-oldrel-macos-x86_64 0.1.1 42.00 OK
r-oldrel-windows-x86_64 0.1.1 7.00 64.00 71.00 OK

Check Details

Version: 0.1.1
Check: Rd cross-references
Result: NOTE Found the following Rd file(s) with Rd \link{} targets missing package anchors: includeAudio.Rd: knitr includeText.Rd: knitr Please provide package anchors for all Rd \link{} targets not in the package itself and the base packages. Flavors: r-devel-linux-x86_64-debian-clang, r-devel-linux-x86_64-debian-gcc, r-devel-windows-x86_64