CRAN Package Check Results for Package justifier

Last updated on 2020-09-17 12:53:21 CEST.

Flavor Version Tinstall Tcheck Ttotal Status Flags
r-devel-linux-x86_64-debian-clang 0.1.0 3.15 34.66 37.81 OK
r-devel-linux-x86_64-debian-gcc 0.1.0 2.40 26.30 28.70 OK
r-devel-linux-x86_64-fedora-clang 0.1.0 53.95 NOTE
r-devel-linux-x86_64-fedora-gcc 0.1.0 44.60 OK
r-devel-windows-ix86+x86_64 0.1.0 8.00 52.00 60.00 OK
r-patched-linux-x86_64 0.1.0 2.71 33.74 36.45 OK
r-patched-solaris-x86 0.1.0 65.00 OK
r-release-linux-x86_64 0.1.0 3.10 33.62 36.72 OK
r-release-macos-x86_64 0.1.0 OK
r-release-windows-ix86+x86_64 0.1.0 7.00 58.00 65.00 OK
r-oldrel-macos-x86_64 0.1.0 OK
r-oldrel-windows-ix86+x86_64 0.1.0 6.00 52.00 58.00 OK

Check Details

Version: 0.1.0
Check: Rd cross-references
Result: NOTE
    Undeclared package ‘ggplot2’ in Rd xrefs
Flavor: r-devel-linux-x86_64-fedora-clang