CRAN Package Check Results for Package kader

Last updated on 2025-01-19 05:49:11 CET.

Flavor Version Tinstall Tcheck Ttotal Status Flags
r-devel-linux-x86_64-debian-clang 0.0.8 2.34 31.02 33.36 OK
r-devel-linux-x86_64-debian-gcc 0.0.8 1.82 22.91 24.73 OK
r-devel-linux-x86_64-fedora-clang 0.0.8 54.39 OK
r-devel-linux-x86_64-fedora-gcc 0.0.8 55.62 OK
r-devel-windows-x86_64 0.0.8 3.00 70.00 73.00 OK
r-patched-linux-x86_64 0.0.8 2.65 29.33 31.98 NOTE
r-release-linux-x86_64 0.0.8 2.02 29.76 31.78 NOTE
r-release-macos-arm64 0.0.8 20.00 NOTE
r-release-macos-x86_64 0.0.8 42.00 NOTE
r-release-windows-x86_64 0.0.8 4.00 70.00 74.00 NOTE
r-oldrel-macos-arm64 0.0.8 22.00 NOTE
r-oldrel-macos-x86_64 0.0.8 33.00 NOTE
r-oldrel-windows-x86_64 0.0.8 4.00 72.00 76.00 NOTE

Check Details

Version: 0.0.8
Check: LazyData
Result: NOTE 'LazyData' is specified without a 'data' directory Flavors: r-patched-linux-x86_64, r-release-linux-x86_64, r-release-macos-arm64, r-release-macos-x86_64, r-release-windows-x86_64, r-oldrel-macos-arm64, r-oldrel-macos-x86_64, r-oldrel-windows-x86_64