Last updated on 2024-05-01 16:52:59 CEST.
Flavor | Version | Tinstall | Tcheck | Ttotal | Status | Flags |
---|---|---|---|---|---|---|
r-devel-linux-x86_64-debian-clang | 0.9.1 | 9.76 | 81.36 | 91.12 | OK | |
r-devel-linux-x86_64-debian-gcc | 0.9.1 | 6.25 | 60.64 | 66.89 | OK | |
r-devel-linux-x86_64-fedora-clang | 0.9.1 | 112.08 | NOTE | |||
r-devel-linux-x86_64-fedora-gcc | 0.9.1 | 122.03 | NOTE | |||
r-devel-windows-x86_64 | 0.9.1 | 10.00 | 87.00 | 97.00 | OK | |
r-patched-linux-x86_64 | 0.9.1 | 10.61 | 81.01 | 91.62 | OK | |
r-release-linux-x86_64 | 0.9.1 | 5.54 | 80.46 | 86.00 | OK | |
r-release-macos-arm64 | 0.9.1 | 47.00 | OK | |||
r-release-windows-x86_64 | 0.9.1 | 11.00 | 84.00 | 95.00 | OK | |
r-oldrel-macos-arm64 | 0.9.1 | 50.00 | OK | |||
r-oldrel-macos-x86_64 | 0.9.1 | 84.00 | OK | |||
r-oldrel-windows-x86_64 | 0.9.1 | 11.00 | 96.00 | 107.00 | OK |
Version: 0.9.1
Check: data for non-ASCII characters
Result: NOTE
Note: found 111752 marked UTF-8 strings
Flavors: r-devel-linux-x86_64-fedora-clang, r-devel-linux-x86_64-fedora-gcc