Last updated on 2024-04-17 13:57:32 CEST.
Flavor | Version | Tinstall | Tcheck | Ttotal | Status | Flags |
---|---|---|---|---|---|---|
r-devel-linux-x86_64-debian-clang | 0.3 | 2.51 | 22.73 | 25.24 | NOTE | |
r-devel-linux-x86_64-debian-gcc | 0.3 | 2.14 | 17.85 | 19.99 | NOTE | |
r-devel-linux-x86_64-fedora-clang | 0.3 | 32.74 | NOTE | |||
r-devel-linux-x86_64-fedora-gcc | 0.3 | 31.21 | NOTE | |||
r-prerel-macos-arm64 | 0.3 | 14.00 | NOTE | |||
r-prerel-windows-x86_64 | 0.3 | 3.00 | 39.00 | 42.00 | NOTE | |
r-patched-linux-x86_64 | 0.3 | 2.55 | 22.35 | 24.90 | NOTE | |
r-release-linux-x86_64 | 0.3 | 1.99 | 22.31 | 24.30 | NOTE | |
r-release-macos-arm64 | 0.3 | 15.00 | NOTE | |||
r-release-macos-x86_64 | 0.3 | 21.00 | NOTE | |||
r-release-windows-x86_64 | 0.3 | 3.00 | 39.00 | 42.00 | NOTE | |
r-oldrel-macos-arm64 | 0.3 | 16.00 | NOTE | |||
r-oldrel-windows-x86_64 | 0.3 | 5.00 | 46.00 | 51.00 | NOTE |
Version: 0.3
Check: LazyData
Result: NOTE
'LazyData' is specified without a 'data' directory
Flavors: r-devel-linux-x86_64-debian-clang, r-devel-linux-x86_64-debian-gcc, r-devel-linux-x86_64-fedora-clang, r-devel-linux-x86_64-fedora-gcc, r-prerel-macos-arm64, r-prerel-windows-x86_64, r-patched-linux-x86_64, r-release-linux-x86_64, r-release-macos-arm64, r-release-macos-x86_64, r-release-windows-x86_64, r-oldrel-macos-arm64, r-oldrel-windows-x86_64