CRAN Package Check Results for Package karaoke

Last updated on 2020-09-27 12:48:39 CEST.

Flavor Version Tinstall Tcheck Ttotal Status Flags
r-devel-linux-x86_64-debian-clang 1.0 2.97 30.92 33.89 NOTE
r-devel-linux-x86_64-debian-gcc 1.0 2.67 23.98 26.65 NOTE
r-devel-linux-x86_64-fedora-clang 1.0 49.41 NOTE
r-devel-linux-x86_64-fedora-gcc 1.0 39.89 NOTE
r-devel-windows-ix86+x86_64 1.0 7.00 52.00 59.00 OK
r-patched-linux-x86_64 1.0 3.35 29.82 33.17 NOTE
r-patched-solaris-x86 1.0 59.90 NOTE
r-release-linux-x86_64 1.0 3.51 29.82 33.33 NOTE
r-release-macos-x86_64 1.0 OK
r-release-windows-ix86+x86_64 1.0 6.00 51.00 57.00 OK
r-oldrel-macos-x86_64 1.0 OK
r-oldrel-windows-ix86+x86_64 1.0 6.00 52.00 58.00 OK

Check Details

Version: 1.0
Check: for non-standard things in the check directory
Result: NOTE
    Found the following files/directories:
     'song.wav' 'song4karaoke.wav'
Flavors: r-devel-linux-x86_64-debian-clang, r-devel-linux-x86_64-debian-gcc, r-devel-linux-x86_64-fedora-clang, r-devel-linux-x86_64-fedora-gcc, r-patched-linux-x86_64, r-patched-solaris-x86, r-release-linux-x86_64