Last updated on 2025-01-19 05:49:11 CET.
Flavor | Version | Tinstall | Tcheck | Ttotal | Status | Flags |
---|---|---|---|---|---|---|
r-devel-linux-x86_64-debian-clang | 0.1.1 | 6.13 | 82.48 | 88.61 | OK | |
r-devel-linux-x86_64-debian-gcc | 0.1.1 | 4.34 | 59.82 | 64.16 | OK | |
r-devel-linux-x86_64-fedora-clang | 0.1.1 | 142.59 | NOTE | |||
r-devel-linux-x86_64-fedora-gcc | 0.1.1 | 147.55 | NOTE | |||
r-devel-windows-x86_64 | 0.1.1 | 8.00 | 96.00 | 104.00 | OK | |
r-patched-linux-x86_64 | 0.1.1 | 5.51 | 76.16 | 81.67 | OK | |
r-release-linux-x86_64 | 0.1.1 | 5.06 | 77.45 | 82.51 | OK | |
r-release-macos-arm64 | 0.1.1 | 54.00 | OK | |||
r-release-macos-x86_64 | 0.1.1 | 87.00 | OK | |||
r-release-windows-x86_64 | 0.1.1 | 9.00 | 98.00 | 107.00 | OK | |
r-oldrel-macos-arm64 | 0.1.1 | 51.00 | OK | |||
r-oldrel-macos-x86_64 | 0.1.1 | 84.00 | OK | |||
r-oldrel-windows-x86_64 | 0.1.1 | 10.00 | 107.00 | 117.00 | OK |
Version: 0.1.1
Check: dependencies in R code
Result: NOTE
Namespace in Imports field not imported from: ‘gifski’
All declared Imports should be used.
Flavors: r-devel-linux-x86_64-fedora-clang, r-devel-linux-x86_64-fedora-gcc