Last updated on 2024-04-21 13:55:34 CEST.
Flavor | Version | Tinstall | Tcheck | Ttotal | Status | Flags |
---|---|---|---|---|---|---|
r-devel-linux-x86_64-debian-clang | 1.0.7 | 50.43 | 34.17 | 84.60 | OK | |
r-devel-linux-x86_64-debian-gcc | 1.0.7 | 40.57 | 26.58 | 67.15 | OK | |
r-devel-linux-x86_64-fedora-clang | 1.0.7 | 113.14 | OK | |||
r-devel-linux-x86_64-fedora-gcc | 1.0.7 | 121.49 | OK | |||
r-prerel-macos-arm64 | 1.0.7 | 32.00 | NOTE | |||
r-prerel-macos-x86_64 | 1.0.7 | 91.00 | NOTE | |||
r-prerel-windows-x86_64 | 1.0.7 | 40.00 | 65.00 | 105.00 | OK | |
r-patched-linux-x86_64 | 1.0.7 | 51.42 | 33.47 | 84.89 | OK | |
r-release-linux-x86_64 | 1.0.7 | 50.97 | 33.40 | 84.37 | OK | |
r-release-macos-arm64 | 1.0.7 | 36.00 | NOTE | |||
r-release-macos-x86_64 | 1.0.7 | 69.00 | NOTE | |||
r-release-windows-x86_64 | 1.0.7 | 47.00 | 76.00 | 123.00 | OK | |
r-oldrel-macos-arm64 | 1.0.7 | 34.00 | NOTE | |||
r-oldrel-windows-x86_64 | 1.0.7 | 43.00 | 78.00 | 121.00 | OK |
Version: 1.0.7
Check: installed package size
Result: NOTE
installed size is 14.5Mb
sub-directories of 1Mb or more:
libs 14.4Mb
Flavors: r-prerel-macos-arm64, r-prerel-macos-x86_64, r-release-macos-arm64, r-release-macos-x86_64, r-oldrel-macos-arm64