CRAN Package Check Results for Package kdecopula

Last updated on 2025-01-19 05:49:11 CET.

Flavor Version Tinstall Tcheck Ttotal Status Flags
r-devel-linux-x86_64-debian-clang 0.9.2 69.76 87.87 157.63 NOTE
r-devel-linux-x86_64-debian-gcc 0.9.2 47.73 59.99 107.72 NOTE
r-devel-linux-x86_64-fedora-clang 0.9.2 294.49 OK
r-devel-linux-x86_64-fedora-gcc 0.9.2 293.11 OK
r-devel-windows-x86_64 0.9.2 71.00 119.00 190.00 NOTE
r-patched-linux-x86_64 0.9.2 67.21 79.93 147.14 OK
r-release-linux-x86_64 0.9.2 70.06 81.35 151.41 OK
r-release-macos-arm64 0.9.2 68.00 OK
r-release-macos-x86_64 0.9.2 88.00 OK
r-release-windows-x86_64 0.9.2 68.00 123.00 191.00 OK
r-oldrel-macos-arm64 0.9.2 105.00 OK
r-oldrel-macos-x86_64 0.9.2 173.00 OK
r-oldrel-windows-x86_64 0.9.2 77.00 138.00 215.00 OK

Check Details

Version: 0.9.2
Check: Rd cross-references
Result: NOTE Found the following Rd file(s) with Rd \link{} targets missing package anchors: plot.kdecopula.Rd: wireframe Please provide package anchors for all Rd \link{} targets not in the package itself and the base packages. Flavors: r-devel-linux-x86_64-debian-clang, r-devel-linux-x86_64-debian-gcc, r-devel-windows-x86_64