Last updated on 2025-01-19 05:49:11 CET.
Flavor | Version | Tinstall | Tcheck | Ttotal | Status | Flags |
---|---|---|---|---|---|---|
r-devel-linux-x86_64-debian-clang | 0.4.5 | 14.46 | 45.27 | 59.73 | NOTE | |
r-devel-linux-x86_64-debian-gcc | 0.4.5 | 11.47 | 33.41 | 44.88 | NOTE | |
r-devel-linux-x86_64-fedora-clang | 0.4.5 | 103.32 | OK | |||
r-devel-linux-x86_64-fedora-gcc | 0.4.5 | 102.63 | OK | |||
r-devel-windows-x86_64 | 0.4.5 | 18.00 | 83.00 | 101.00 | NOTE | |
r-patched-linux-x86_64 | 0.4.5 | 15.84 | 42.99 | 58.83 | OK | |
r-release-linux-x86_64 | 0.4.5 | 15.20 | 42.89 | 58.09 | OK | |
r-release-macos-arm64 | 0.4.5 | 34.00 | OK | |||
r-release-macos-x86_64 | 0.4.5 | 66.00 | OK | |||
r-release-windows-x86_64 | 0.4.5 | 18.00 | 84.00 | 102.00 | OK | |
r-oldrel-macos-arm64 | 0.4.5 | 38.00 | OK | |||
r-oldrel-macos-x86_64 | 0.4.5 | 64.00 | OK | |||
r-oldrel-windows-x86_64 | 0.4.5 | 21.00 | 97.00 | 118.00 | OK |
Version: 0.4.5
Check: Rd cross-references
Result: NOTE
Found the following Rd file(s) with Rd \link{} targets missing package
anchors:
contour.kdevinecop.Rd: contour.kdecopula
kdevinecop.Rd: kdecopula
Please provide package anchors for all Rd \link{} targets not in the
package itself and the base packages.
Flavors: r-devel-linux-x86_64-debian-clang, r-devel-linux-x86_64-debian-gcc, r-devel-windows-x86_64