Last updated on 2024-04-17 13:57:32 CEST.
Flavor | Version | Tinstall | Tcheck | Ttotal | Status | Flags |
---|---|---|---|---|---|---|
r-devel-linux-x86_64-debian-clang | 0.9.4 | 4.88 | 183.47 | 188.35 | NOTE | |
r-devel-linux-x86_64-debian-gcc | 0.9.4 | 5.31 | 120.92 | 126.23 | NOTE | |
r-devel-linux-x86_64-fedora-clang | 0.9.4 | 220.76 | NOTE | |||
r-devel-linux-x86_64-fedora-gcc | 0.9.4 | 218.39 | NOTE | |||
r-prerel-macos-arm64 | 0.9.4 | 56.00 | NOTE | |||
r-prerel-windows-x86_64 | 0.9.4 | 8.00 | 123.00 | 131.00 | NOTE | |
r-patched-linux-x86_64 | 0.9.4 | 7.21 | 165.85 | 173.06 | NOTE | |
r-release-linux-x86_64 | 0.9.4 | 4.43 | 176.99 | 181.42 | NOTE | |
r-release-macos-arm64 | 0.9.4 | 66.00 | NOTE | |||
r-release-macos-x86_64 | 0.9.4 | 109.00 | NOTE | |||
r-release-windows-x86_64 | 0.9.4 | 10.00 | 167.00 | 177.00 | NOTE | |
r-oldrel-macos-arm64 | 0.9.4 | 52.00 | NOTE | |||
r-oldrel-windows-x86_64 | 0.9.4 | 8.00 | 161.00 | 169.00 | NOTE |
Version: 0.9.4
Check: LazyData
Result: NOTE
'LazyData' is specified without a 'data' directory
Flavors: r-devel-linux-x86_64-debian-clang, r-devel-linux-x86_64-debian-gcc, r-devel-linux-x86_64-fedora-clang, r-devel-linux-x86_64-fedora-gcc, r-prerel-macos-arm64, r-prerel-windows-x86_64, r-patched-linux-x86_64, r-release-linux-x86_64, r-release-macos-arm64, r-release-macos-x86_64, r-release-windows-x86_64, r-oldrel-macos-arm64, r-oldrel-windows-x86_64