Last updated on 2025-01-19 05:49:11 CET.
Flavor | Version | Tinstall | Tcheck | Ttotal | Status | Flags |
---|---|---|---|---|---|---|
r-devel-linux-x86_64-debian-clang | 1.2.0 | 39.04 | 706.91 | 745.95 | OK | |
r-devel-linux-x86_64-debian-gcc | 1.2.0 | 29.68 | 438.98 | 468.66 | OK | |
r-devel-linux-x86_64-fedora-clang | 1.2.0 | 1148.80 | OK | |||
r-devel-linux-x86_64-fedora-gcc | 1.2.0 | 1098.54 | OK | |||
r-devel-windows-x86_64 | 1.2.0 | 47.00 | 868.00 | 915.00 | OK | |
r-patched-linux-x86_64 | 1.2.0 | 187.40 | 644.11 | 831.51 | OK | |
r-release-linux-x86_64 | 1.2.0 | 37.68 | 642.01 | 679.69 | OK | |
r-release-macos-arm64 | 1.2.0 | 261.00 | NOTE | |||
r-release-macos-x86_64 | 1.2.0 | 538.00 | NOTE | |||
r-release-windows-x86_64 | 1.2.0 | 48.00 | 768.00 | 816.00 | NOTE | |
r-oldrel-macos-arm64 | 1.2.0 | 285.00 | NOTE | |||
r-oldrel-macos-x86_64 | 1.2.0 | 525.00 | NOTE | |||
r-oldrel-windows-x86_64 | 1.2.0 | 57.00 | 947.00 | 1004.00 | NOTE |
Version: 1.2.0
Check: installed package size
Result: NOTE
installed size is 12.1Mb
sub-directories of 1Mb or more:
doc 3.3Mb
help 8.0Mb
Flavors: r-release-macos-arm64, r-release-macos-x86_64, r-release-windows-x86_64, r-oldrel-macos-arm64, r-oldrel-macos-x86_64, r-oldrel-windows-x86_64