CRAN Package Check Results for Package kernelTDA

Last updated on 2019-10-20 12:46:16 CEST.

Flavor Version Tinstall Tcheck Ttotal Status Flags
r-devel-linux-x86_64-debian-clang 0.1.1 58.54 39.28 97.82 OK
r-devel-linux-x86_64-debian-gcc 0.1.1 46.04 31.05 77.09 OK
r-devel-linux-x86_64-fedora-clang 0.1.1 139.24 NOTE
r-devel-linux-x86_64-fedora-gcc 0.1.1 132.86 OK
r-devel-windows-ix86+x86_64 0.1.1 98.00 115.00 213.00 OK
r-patched-linux-x86_64 0.1.1 51.60 38.74 90.34 OK
r-patched-solaris-x86 0.1.1 134.40 OK
r-release-linux-x86_64 0.1.1 54.34 38.98 93.32 OK
r-release-windows-ix86+x86_64 0.1.1 145.00 70.00 215.00 OK
r-release-osx-x86_64 0.1.1 NOTE
r-oldrel-windows-ix86+x86_64 0.1.1 102.00 64.00 166.00 OK
r-oldrel-osx-x86_64 0.1.1 NOTE

Check Details

Version: 0.1.1
Check: installed package size
Result: NOTE
     installed size is 9.9Mb
     sub-directories of 1Mb or more:
     libs 9.6Mb
Flavors: r-devel-linux-x86_64-fedora-clang, r-release-osx-x86_64, r-oldrel-osx-x86_64