CRAN Package Check Results for Package kernelTDA

Last updated on 2020-06-02 12:48:47 CEST.

Flavor Version Tinstall Tcheck Ttotal Status Flags
r-devel-linux-x86_64-debian-clang 1.0.0 69.22 31.08 100.30 OK
r-devel-linux-x86_64-debian-gcc 1.0.0 48.20 25.28 73.48 OK
r-devel-linux-x86_64-fedora-clang 1.0.0 146.00 NOTE
r-devel-linux-x86_64-fedora-gcc 1.0.0 123.92 OK
r-devel-windows-ix86+x86_64 1.0.0 150.00 96.00 246.00 OK
r-patched-linux-x86_64 1.0.0 58.28 32.38 90.66 OK
r-patched-solaris-x86 1.0.0 126.00 OK
r-release-linux-x86_64 1.0.0 55.92 32.16 88.08 OK
r-release-osx-x86_64 1.0.0 NOTE
r-release-windows-ix86+x86_64 1.0.0 117.00 91.00 208.00 OK
r-oldrel-osx-x86_64 1.0.0 NOTE
r-oldrel-windows-ix86+x86_64 1.0.0 112.00 67.00 179.00 OK

Check Details

Version: 1.0.0
Check: installed package size
Result: NOTE
     installed size is 10.2Mb
     sub-directories of 1Mb or more:
     libs 10.0Mb
Flavors: r-devel-linux-x86_64-fedora-clang, r-release-osx-x86_64, r-oldrel-osx-x86_64