Last updated on 2025-01-19 05:49:11 CET.
Flavor | Version | Tinstall | Tcheck | Ttotal | Status | Flags |
---|---|---|---|---|---|---|
r-devel-linux-x86_64-debian-clang | 0.5.2 | 138.25 | 181.18 | 319.43 | NOTE | |
r-devel-linux-x86_64-debian-gcc | 0.5.2 | 108.62 | 126.52 | 235.14 | NOTE | |
r-devel-linux-x86_64-fedora-clang | 0.5.2 | 647.84 | OK | |||
r-devel-linux-x86_64-fedora-gcc | 0.5.2 | 673.99 | OK | |||
r-devel-windows-x86_64 | 0.5.2 | 152.00 | 198.00 | 350.00 | NOTE | |
r-patched-linux-x86_64 | 0.5.2 | 149.81 | 174.03 | 323.84 | OK | |
r-release-linux-x86_64 | 0.5.2 | 147.75 | 174.61 | 322.36 | OK | |
r-release-macos-arm64 | 0.5.2 | 154.00 | NOTE | |||
r-release-macos-x86_64 | 0.5.2 | 166.00 | NOTE | |||
r-release-windows-x86_64 | 0.5.2 | 153.00 | 205.00 | 358.00 | OK | |
r-oldrel-macos-arm64 | 0.5.2 | 169.00 | NOTE | |||
r-oldrel-macos-x86_64 | 0.5.2 | 240.00 | NOTE | |||
r-oldrel-windows-x86_64 | 0.5.2 | 170.00 | 235.00 | 405.00 | OK |
Version: 0.5.2
Check: Rd cross-references
Result: NOTE
Found the following Rd file(s) with Rd \link{} targets missing package
anchors:
read_keywords.Rd: dictionary
Please provide package anchors for all Rd \link{} targets not in the
package itself and the base packages.
Flavors: r-devel-linux-x86_64-debian-clang, r-devel-linux-x86_64-debian-gcc, r-devel-windows-x86_64
Version: 0.5.2
Check: installed package size
Result: NOTE
installed size is 11.6Mb
sub-directories of 1Mb or more:
libs 11.1Mb
Flavors: r-release-macos-arm64, r-release-macos-x86_64, r-oldrel-macos-arm64, r-oldrel-macos-x86_64