CRAN Package Check Results for Package keyholder

Last updated on 2025-01-19 05:49:11 CET.

Flavor Version Tinstall Tcheck Ttotal Status Flags
r-devel-linux-x86_64-debian-clang 0.1.7 3.61 53.13 56.74 NOTE
r-devel-linux-x86_64-debian-gcc 0.1.7 2.90 39.33 42.23 NOTE
r-devel-linux-x86_64-fedora-clang 0.1.7 92.84 OK
r-devel-linux-x86_64-fedora-gcc 0.1.7 99.90 OK
r-devel-windows-x86_64 0.1.7 5.00 70.00 75.00 NOTE
r-patched-linux-x86_64 0.1.7 8.43 48.43 56.86 OK
r-release-linux-x86_64 0.1.7 3.91 48.40 52.31 OK
r-release-macos-arm64 0.1.7 34.00 OK
r-release-macos-x86_64 0.1.7 53.00 OK
r-release-windows-x86_64 0.1.7 6.00 72.00 78.00 OK
r-oldrel-macos-arm64 0.1.7 36.00 OK
r-oldrel-macos-x86_64 0.1.7 56.00 OK
r-oldrel-windows-x86_64 0.1.7 6.00 81.00 87.00 OK

Check Details

Version: 0.1.7
Check: Rd cross-references
Result: NOTE Found the following Rd file(s) with Rd \link{} targets missing package anchors: keyed-df-one-tbl.Rd: dplyr keyed-df-two-tbl.Rd: dplyr Please provide package anchors for all Rd \link{} targets not in the package itself and the base packages. Flavors: r-devel-linux-x86_64-debian-clang, r-devel-linux-x86_64-debian-gcc, r-devel-windows-x86_64