CRAN Package Check Results for Package keyringr

Last updated on 2025-01-19 05:49:11 CET.

Flavor Version Tinstall Tcheck Ttotal Status Flags
r-devel-linux-x86_64-debian-clang 0.4.0 1.75 21.13 22.88 OK
r-devel-linux-x86_64-debian-gcc 0.4.0 1.34 17.63 18.97 OK
r-devel-linux-x86_64-fedora-clang 0.4.0 38.51 OK
r-devel-linux-x86_64-fedora-gcc 0.4.0 50.90 OK
r-devel-windows-x86_64 0.4.0 3.00 49.00 52.00 OK
r-patched-linux-x86_64 0.4.0 1.68 20.57 22.25 NOTE
r-release-linux-x86_64 0.4.0 1.55 20.58 22.13 NOTE
r-release-macos-arm64 0.4.0 23.00 NOTE
r-release-macos-x86_64 0.4.0 35.00 NOTE
r-release-windows-x86_64 0.4.0 4.00 57.00 61.00 NOTE
r-oldrel-macos-arm64 0.4.0 25.00 NOTE
r-oldrel-macos-x86_64 0.4.0 32.00 NOTE
r-oldrel-windows-x86_64 0.4.0 3.00 48.00 51.00 NOTE

Check Details

Version: 0.4.0
Check: LazyData
Result: NOTE 'LazyData' is specified without a 'data' directory Flavors: r-patched-linux-x86_64, r-release-linux-x86_64, r-release-macos-arm64, r-release-macos-x86_64, r-release-windows-x86_64, r-oldrel-macos-arm64, r-oldrel-macos-x86_64, r-oldrel-windows-x86_64