Last updated on 2025-01-19 05:49:11 CET.
Flavor | Version | Tinstall | Tcheck | Ttotal | Status | Flags |
---|---|---|---|---|---|---|
r-devel-linux-x86_64-debian-clang | 1.0.0 | 6.26 | 203.95 | 210.21 | NOTE | |
r-devel-linux-x86_64-debian-gcc | 1.0.0 | 5.13 | 137.91 | 143.04 | NOTE | |
r-devel-linux-x86_64-fedora-clang | 1.0.0 | 346.48 | NOTE | |||
r-devel-linux-x86_64-fedora-gcc | 1.0.0 | 375.09 | NOTE | |||
r-devel-windows-x86_64 | 1.0.0 | 8.00 | 230.00 | 238.00 | NOTE | |
r-patched-linux-x86_64 | 1.0.0 | 6.58 | 193.52 | 200.10 | NOTE | |
r-release-linux-x86_64 | 1.0.0 | 6.04 | 197.34 | 203.38 | NOTE | |
r-release-macos-arm64 | 1.0.0 | 77.00 | NOTE | |||
r-release-macos-x86_64 | 1.0.0 | 119.00 | NOTE | |||
r-release-windows-x86_64 | 1.0.0 | 9.00 | 232.00 | 241.00 | NOTE | |
r-oldrel-macos-arm64 | 1.0.0 | 86.00 | OK | |||
r-oldrel-macos-x86_64 | 1.0.0 | 144.00 | OK | |||
r-oldrel-windows-x86_64 | 1.0.0 | 10.00 | 233.00 | 243.00 | OK |
Version: 1.0.0
Check: Rd files
Result: NOTE
checkRd: (-1) kfino_plot.Rd:52: Lost braces; missing escapes or markup?
52 | plus the OK values. Prediction corresponds to E[X_{t} | Y_{1...t}]
| ^
checkRd: (-1) kfino_plot.Rd:52: Lost braces; missing escapes or markup?
52 | plus the OK values. Prediction corresponds to E[X_{t} | Y_{1...t}]
| ^
Flavors: r-devel-linux-x86_64-debian-clang, r-devel-linux-x86_64-debian-gcc, r-devel-linux-x86_64-fedora-clang, r-devel-linux-x86_64-fedora-gcc, r-devel-windows-x86_64, r-patched-linux-x86_64, r-release-linux-x86_64, r-release-macos-arm64, r-release-macos-x86_64, r-release-windows-x86_64