Last updated on 2024-05-01 16:52:59 CEST.
Flavor | Version | Tinstall | Tcheck | Ttotal | Status | Flags |
---|---|---|---|---|---|---|
r-devel-linux-x86_64-debian-clang | 0.10.2 | 18.28 | 138.16 | 156.44 | NOTE | |
r-devel-linux-x86_64-debian-gcc | 0.10.2 | 10.95 | 101.02 | 111.97 | NOTE | |
r-devel-linux-x86_64-fedora-clang | 0.10.2 | 191.31 | NOTE | |||
r-devel-linux-x86_64-fedora-gcc | 0.10.2 | 205.50 | NOTE | |||
r-devel-windows-x86_64 | 0.10.2 | 17.00 | 134.00 | 151.00 | NOTE | |
r-patched-linux-x86_64 | 0.10.2 | 12.32 | 130.43 | 142.75 | NOTE | |
r-release-linux-x86_64 | 0.10.2 | 10.03 | 130.00 | 140.03 | NOTE | |
r-release-macos-arm64 | 0.10.2 | 60.00 | NOTE | |||
r-release-windows-x86_64 | 0.10.2 | 17.00 | 129.00 | 146.00 | NOTE | |
r-oldrel-macos-arm64 | 0.10.2 | 54.00 | OK | |||
r-oldrel-macos-x86_64 | 0.10.2 | 78.00 | OK | |||
r-oldrel-windows-x86_64 | 0.10.2 | 23.00 | 154.00 | 177.00 | OK |
Version: 0.10.2
Check: Rd files
Result: NOTE
checkRd: (-1) mount_appdata.Rd:10: Lost braces; missing escapes or markup?
10 | \item{x}{An object of class \code{KinPairData} or {KinPairSimulation}}
| ^
Flavors: r-devel-linux-x86_64-debian-clang, r-devel-linux-x86_64-debian-gcc, r-devel-linux-x86_64-fedora-clang, r-devel-linux-x86_64-fedora-gcc, r-devel-windows-x86_64, r-patched-linux-x86_64, r-release-linux-x86_64, r-release-macos-arm64, r-release-windows-x86_64
Version: 0.10.2
Check: dependencies in R code
Result: NOTE
Namespaces in Imports field not imported from:
‘fitdistrplus’ ‘plotly’
All declared Imports should be used.
Flavors: r-devel-linux-x86_64-fedora-clang, r-devel-linux-x86_64-fedora-gcc