Last updated on 2025-01-19 05:49:11 CET.
Flavor | Version | Tinstall | Tcheck | Ttotal | Status | Flags |
---|---|---|---|---|---|---|
r-devel-linux-x86_64-debian-clang | 0.1.0 | 9.11 | 96.62 | 105.73 | OK | |
r-devel-linux-x86_64-debian-gcc | 0.1.0 | 5.92 | 66.14 | 72.06 | OK | |
r-devel-linux-x86_64-fedora-clang | 0.1.0 | 180.37 | OK | |||
r-devel-linux-x86_64-fedora-gcc | 0.1.0 | 188.29 | OK | |||
r-devel-windows-x86_64 | 0.1.0 | 10.00 | 111.00 | 121.00 | OK | |
r-patched-linux-x86_64 | 0.1.0 | 5.97 | 87.83 | 93.80 | NOTE | |
r-release-linux-x86_64 | 0.1.0 | 8.78 | 89.42 | 98.20 | NOTE | |
r-release-macos-arm64 | 0.1.0 | 52.00 | NOTE | |||
r-release-macos-x86_64 | 0.1.0 | 77.00 | NOTE | |||
r-release-windows-x86_64 | 0.1.0 | 10.00 | 117.00 | 127.00 | NOTE | |
r-oldrel-macos-arm64 | 0.1.0 | 59.00 | NOTE | |||
r-oldrel-macos-x86_64 | 0.1.0 | 139.00 | NOTE | |||
r-oldrel-windows-x86_64 | 0.1.0 | 13.00 | 130.00 | 143.00 | NOTE |
Version: 0.1.0
Check: package dependencies
Result: NOTE
Package suggested but not available for checking: ‘RGeostats’
Flavors: r-patched-linux-x86_64, r-release-linux-x86_64, r-release-macos-arm64, r-release-macos-x86_64, r-release-windows-x86_64, r-oldrel-macos-arm64, r-oldrel-macos-x86_64, r-oldrel-windows-x86_64