Last updated on 2025-01-19 05:49:11 CET.
Flavor | Version | Tinstall | Tcheck | Ttotal | Status | Flags |
---|---|---|---|---|---|---|
r-devel-linux-x86_64-debian-clang | 1.0 | 88.56 | 175.88 | 264.44 | OK | |
r-devel-linux-x86_64-debian-gcc | 1.0 | 61.60 | 120.51 | 182.11 | OK | |
r-devel-linux-x86_64-fedora-clang | 1.0 | 461.34 | OK | |||
r-devel-linux-x86_64-fedora-gcc | 1.0 | 443.90 | OK | |||
r-devel-windows-x86_64 | 1.0 | 98.00 | 203.00 | 301.00 | OK | |
r-patched-linux-x86_64 | 1.0 | 85.67 | 165.89 | 251.56 | NOTE | |
r-release-linux-x86_64 | 1.0 | 83.07 | 164.59 | 247.66 | NOTE | |
r-release-macos-arm64 | 1.0 | 122.00 | NOTE | |||
r-release-macos-x86_64 | 1.0 | 287.00 | NOTE | |||
r-release-windows-x86_64 | 1.0 | 98.00 | 208.00 | 306.00 | NOTE | |
r-oldrel-macos-arm64 | 1.0 | 10.00 | ERROR | |||
r-oldrel-macos-x86_64 | 1.0 | 12.00 | ERROR | |||
r-oldrel-windows-x86_64 | 1.0 | 111.00 | 252.00 | 363.00 | NOTE |
Version: 1.0
Check: for GNU extensions in Makefiles
Result: NOTE
GNU make is a SystemRequirements.
Flavors: r-patched-linux-x86_64, r-release-linux-x86_64, r-release-macos-arm64, r-release-macos-x86_64, r-release-windows-x86_64, r-oldrel-windows-x86_64
Version: 1.0
Check: installed package size
Result: NOTE
installed size is 5.4Mb
sub-directories of 1Mb or more:
libs 3.8Mb
Flavors: r-release-macos-arm64, r-release-macos-x86_64
Version: 1.0
Check: package dependencies
Result: ERROR
Package required but not available: ‘seqLogo’
See section ‘The DESCRIPTION file’ in the ‘Writing R Extensions’
manual.
Flavors: r-oldrel-macos-arm64, r-oldrel-macos-x86_64