CRAN Package Check Results for Package knitcitations

Last updated on 2020-09-22 12:55:19 CEST.

Flavor Version Tinstall Tcheck Ttotal Status Flags
r-devel-linux-x86_64-debian-clang 1.0.10 4.10 41.71 45.81 OK
r-devel-linux-x86_64-debian-gcc 1.0.10 3.36 33.43 36.79 OK
r-devel-linux-x86_64-fedora-clang 1.0.10 66.99 WARN
r-devel-linux-x86_64-fedora-gcc 1.0.10 59.11 OK
r-devel-windows-ix86+x86_64 1.0.10 11.00 55.00 66.00 OK
r-patched-linux-x86_64 1.0.10 3.61 41.60 45.21 OK
r-patched-solaris-x86 1.0.10 87.50 OK
r-release-linux-x86_64 1.0.10 4.07 41.42 45.49 OK
r-release-macos-x86_64 1.0.10 OK
r-release-windows-ix86+x86_64 1.0.10 10.00 51.00 61.00 OK
r-oldrel-macos-x86_64 1.0.10 OK
r-oldrel-windows-ix86+x86_64 1.0.10 6.00 63.00 69.00 OK

Check Details

Version: 1.0.10
Check: package dependencies
Result: WARN
    Requires (indirectly) orphaned package: ‘bibtex’
Flavor: r-devel-linux-x86_64-fedora-clang