CRAN Package Check Results for Package knitrProgressBar

Last updated on 2020-07-10 12:48:30 CEST.

Flavor Version Tinstall Tcheck Ttotal Status Flags
r-devel-linux-x86_64-debian-clang 1.1.0 3.34 28.65 31.99 NOTE
r-devel-linux-x86_64-debian-gcc 1.1.0 3.19 23.01 26.20 NOTE
r-devel-linux-x86_64-fedora-clang 1.1.0 47.49 NOTE
r-devel-linux-x86_64-fedora-gcc 1.1.0 39.67 NOTE
r-devel-windows-ix86+x86_64 1.1.0 7.00 50.00 57.00 OK
r-patched-linux-x86_64 1.1.0 5.19 28.43 33.62 NOTE
r-patched-solaris-x86 1.1.0 57.90 NOTE
r-release-linux-x86_64 1.1.0 3.91 28.21 32.12 NOTE
r-release-osx-x86_64 1.1.0 OK
r-release-windows-ix86+x86_64 1.1.0 9.00 49.00 58.00 OK
r-oldrel-osx-x86_64 1.1.0 OK
r-oldrel-windows-ix86+x86_64 1.1.0 10.00 47.00 57.00 OK

Check Details

Version: 1.1.0
Check: for non-standard things in the check directory
Result: NOTE
    Found the following files/directories:
     'Killed after '
Flavors: r-devel-linux-x86_64-debian-clang, r-devel-linux-x86_64-debian-gcc, r-devel-linux-x86_64-fedora-clang, r-devel-linux-x86_64-fedora-gcc, r-patched-linux-x86_64, r-patched-solaris-x86, r-release-linux-x86_64