Last updated on 2024-04-21 13:55:34 CEST.
Flavor | Version | Tinstall | Tcheck | Ttotal | Status | Flags |
---|---|---|---|---|---|---|
r-devel-linux-x86_64-debian-clang | 1.1.0 | 5.07 | 34.64 | 39.71 | NOTE | |
r-devel-linux-x86_64-debian-gcc | 1.1.0 | 3.79 | 26.71 | 30.50 | NOTE | |
r-devel-linux-x86_64-fedora-clang | 1.1.0 | 52.09 | NOTE | |||
r-devel-linux-x86_64-fedora-gcc | 1.1.0 | 62.16 | NOTE | |||
r-prerel-macos-arm64 | 1.1.0 | 31.00 | NOTE | |||
r-prerel-windows-x86_64 | 1.1.0 | 4.00 | 55.00 | 59.00 | NOTE | |
r-patched-linux-x86_64 | 1.1.0 | 3.73 | 33.71 | 37.44 | NOTE | |
r-release-linux-x86_64 | 1.1.0 | 4.80 | 31.19 | 35.99 | NOTE | |
r-release-macos-arm64 | 1.1.0 | 33.00 | NOTE | |||
r-release-macos-x86_64 | 1.1.0 | 44.00 | NOTE | |||
r-release-windows-x86_64 | 1.1.0 | 4.00 | 55.00 | 59.00 | NOTE | |
r-oldrel-macos-arm64 | 1.1.0 | 28.00 | NOTE | |||
r-oldrel-windows-x86_64 | 1.1.0 | 6.00 | 60.00 | 66.00 | NOTE |
Version: 1.1.0
Check: LazyData
Result: NOTE
'LazyData' is specified without a 'data' directory
Flavors: r-devel-linux-x86_64-debian-clang, r-devel-linux-x86_64-debian-gcc, r-devel-linux-x86_64-fedora-clang, r-devel-linux-x86_64-fedora-gcc, r-prerel-macos-arm64, r-prerel-windows-x86_64, r-patched-linux-x86_64, r-release-linux-x86_64, r-release-macos-arm64, r-release-macos-x86_64, r-release-windows-x86_64, r-oldrel-macos-arm64, r-oldrel-windows-x86_64
Version: 1.1.0
Check: for non-standard things in the check directory
Result: NOTE
Found the following files/directories:
‘Killed after ’
Flavors: r-devel-linux-x86_64-debian-clang, r-devel-linux-x86_64-debian-gcc, r-devel-linux-x86_64-fedora-clang, r-devel-linux-x86_64-fedora-gcc, r-patched-linux-x86_64, r-release-linux-x86_64