CRAN Package Check Results for Package knitrProgressBar

Last updated on 2019-12-07 12:47:59 CET.

Flavor Version Tinstall Tcheck Ttotal Status Flags
r-devel-linux-x86_64-debian-clang 1.1.0 3.64 28.16 31.80 NOTE
r-devel-linux-x86_64-debian-gcc 1.1.0 3.88 22.80 26.68 NOTE
r-devel-linux-x86_64-fedora-clang 1.1.0 37.75 NOTE
r-devel-linux-x86_64-fedora-gcc 1.1.0 37.76 NOTE
r-devel-windows-ix86+x86_64 1.1.0 7.00 62.00 69.00 OK
r-devel-windows-ix86+x86_64-gcc8 1.1.0 9.00 65.00 74.00 OK
r-patched-linux-x86_64 1.1.0 4.09 26.46 30.55 OK
r-patched-solaris-x86 1.1.0 55.40 OK
r-release-linux-x86_64 1.1.0 4.28 26.04 30.32 OK
r-release-windows-ix86+x86_64 1.1.0 9.00 46.00 55.00 OK
r-release-osx-x86_64 1.1.0 OK
r-oldrel-windows-ix86+x86_64 1.1.0 4.00 58.00 62.00 OK
r-oldrel-osx-x86_64 1.1.0 OK

Check Details

Version: 1.1.0
Check: for non-standard things in the check directory
Result: NOTE
    Found the following files/directories:
     'Killed after '
Flavors: r-devel-linux-x86_64-debian-clang, r-devel-linux-x86_64-debian-gcc, r-devel-linux-x86_64-fedora-clang, r-devel-linux-x86_64-fedora-gcc