CRAN Package Check Results for Package knor

Last updated on 2020-02-28 12:47:28 CET.

Flavor Version Tinstall Tcheck Ttotal Status Flags
r-devel-linux-x86_64-debian-clang 0.0-7 47.59 30.46 78.05 NOTE
r-devel-linux-x86_64-debian-gcc 0.0-7 30.43 23.24 53.67 NOTE
r-devel-linux-x86_64-fedora-clang 0.0-7 114.11 NOTE
r-devel-linux-x86_64-fedora-gcc 0.0-7 94.12 NOTE
r-devel-windows-ix86+x86_64 0.0-7 97.00 65.00 162.00 NOTE
r-devel-windows-ix86+x86_64-gcc8 0.0-7 97.00 69.00 166.00 NOTE
r-patched-linux-x86_64 0.0-7 35.45 27.05 62.50 NOTE
r-patched-solaris-x86 0.0-7 89.10 NOTE
r-release-linux-x86_64 0.0-7 38.01 26.94 64.95 NOTE
r-release-windows-ix86+x86_64 0.0-7 94.00 81.00 175.00 NOTE
r-release-osx-x86_64 0.0-7 NOTE
r-oldrel-windows-ix86+x86_64 0.0-7 88.00 60.00 148.00 NOTE
r-oldrel-osx-x86_64 0.0-7 NOTE

Check Details

Version: 0.0-7
Check: for GNU extensions in Makefiles
Result: NOTE
    GNU make is a SystemRequirements.
Flavors: r-devel-linux-x86_64-debian-clang, r-devel-linux-x86_64-debian-gcc, r-devel-linux-x86_64-fedora-clang, r-devel-linux-x86_64-fedora-gcc, r-devel-windows-ix86+x86_64, r-devel-windows-ix86+x86_64-gcc8, r-patched-linux-x86_64, r-patched-solaris-x86, r-release-linux-x86_64, r-release-windows-ix86+x86_64, r-release-osx-x86_64, r-oldrel-windows-ix86+x86_64, r-oldrel-osx-x86_64