CRAN Package Check Results for Package knor

Last updated on 2019-10-14 12:47:58 CEST.

Flavor Version Tinstall Tcheck Ttotal Status Flags
r-devel-linux-x86_64-debian-clang 0.0-6 45.60 27.53 73.13 NOTE
r-devel-linux-x86_64-debian-gcc 0.0-6 30.57 21.43 52.00 NOTE
r-devel-linux-x86_64-fedora-clang 0.0-6 112.33 NOTE
r-devel-linux-x86_64-fedora-gcc 0.0-6 90.78 NOTE
r-devel-windows-ix86+x86_64 0.0-6 88.00 77.00 165.00 NOTE
r-patched-linux-x86_64 0.0-6 33.94 26.15 60.09 NOTE
r-patched-solaris-x86 0.0-6 86.90 NOTE
r-release-linux-x86_64 0.0-6 33.40 25.80 59.20 NOTE
r-release-windows-ix86+x86_64 0.0-6 121.00 58.00 179.00 NOTE
r-release-osx-x86_64 0.0-6 NOTE
r-oldrel-windows-ix86+x86_64 0.0-6 77.00 57.00 134.00 NOTE
r-oldrel-osx-x86_64 0.0-6 NOTE

Additional issues

LTO

Check Details

Version: 0.0-6
Check: for GNU extensions in Makefiles
Result: NOTE
    GNU make is a SystemRequirements.
Flavors: r-devel-linux-x86_64-debian-clang, r-devel-linux-x86_64-debian-gcc, r-devel-linux-x86_64-fedora-clang, r-devel-linux-x86_64-fedora-gcc, r-devel-windows-ix86+x86_64, r-patched-linux-x86_64, r-patched-solaris-x86, r-release-linux-x86_64, r-release-windows-ix86+x86_64, r-release-osx-x86_64, r-oldrel-windows-ix86+x86_64, r-oldrel-osx-x86_64