CRAN Package Check Results for Package kntnr

Last updated on 2025-01-19 05:49:11 CET.

Flavor Version Tinstall Tcheck Ttotal Status Flags
r-devel-linux-x86_64-debian-clang 0.4.4 4.06 39.05 43.11 OK
r-devel-linux-x86_64-debian-gcc 0.4.4 2.71 27.80 30.51 OK
r-devel-linux-x86_64-fedora-clang 0.4.4 65.60 OK
r-devel-linux-x86_64-fedora-gcc 0.4.4 64.15 OK
r-devel-windows-x86_64 0.4.4 7.00 58.00 65.00 OK
r-patched-linux-x86_64 0.4.4 3.94 35.71 39.65 NOTE
r-release-linux-x86_64 0.4.4 3.97 35.80 39.77 NOTE
r-release-macos-arm64 0.4.4 25.00 NOTE
r-release-macos-x86_64 0.4.4 34.00 NOTE
r-release-windows-x86_64 0.4.4 7.00 60.00 67.00 NOTE
r-oldrel-macos-arm64 0.4.4 24.00 NOTE
r-oldrel-macos-x86_64 0.4.4 35.00 NOTE
r-oldrel-windows-x86_64 0.4.4 8.00 64.00 72.00 NOTE

Check Details

Version: 0.4.4
Check: LazyData
Result: NOTE 'LazyData' is specified without a 'data' directory Flavors: r-patched-linux-x86_64, r-release-linux-x86_64, r-release-macos-arm64, r-release-macos-x86_64, r-release-windows-x86_64, r-oldrel-macos-arm64, r-oldrel-macos-x86_64, r-oldrel-windows-x86_64