Last updated on 2025-01-19 05:49:11 CET.
Flavor | Version | Tinstall | Tcheck | Ttotal | Status | Flags |
---|---|---|---|---|---|---|
r-devel-linux-x86_64-debian-clang | 1.3 | 2.84 | 27.55 | 30.39 | OK | |
r-devel-linux-x86_64-debian-gcc | 1.3 | 2.05 | 21.40 | 23.45 | OK | |
r-devel-linux-x86_64-fedora-clang | 1.3 | 49.55 | OK | |||
r-devel-linux-x86_64-fedora-gcc | 1.3 | 47.72 | OK | |||
r-devel-windows-x86_64 | 1.3 | 4.00 | 47.00 | 51.00 | OK | |
r-patched-linux-x86_64 | 1.3 | 2.67 | 26.49 | 29.16 | NOTE | |
r-release-linux-x86_64 | 1.3 | 2.70 | 26.16 | 28.86 | NOTE | |
r-release-macos-arm64 | 1.3 | 18.00 | NOTE | |||
r-release-macos-x86_64 | 1.3 | 31.00 | NOTE | |||
r-release-windows-x86_64 | 1.3 | 4.00 | 50.00 | 54.00 | NOTE | |
r-oldrel-macos-arm64 | 1.3 | 20.00 | NOTE | |||
r-oldrel-macos-x86_64 | 1.3 | 27.00 | NOTE | |||
r-oldrel-windows-x86_64 | 1.3 | 4.00 | 54.00 | 58.00 | NOTE |
Version: 1.3
Check: LazyData
Result: NOTE
'LazyData' is specified without a 'data' directory
Flavors: r-patched-linux-x86_64, r-release-linux-x86_64, r-release-macos-arm64, r-release-macos-x86_64, r-release-windows-x86_64, r-oldrel-macos-arm64, r-oldrel-macos-x86_64, r-oldrel-windows-x86_64