CRAN Package Check Results for Package kosel

Last updated on 2025-01-19 05:49:11 CET.

Flavor Version Tinstall Tcheck Ttotal Status Flags
r-devel-linux-x86_64-debian-clang 0.0.1 7.13 58.93 66.06 OK
r-devel-linux-x86_64-debian-gcc 0.0.1 5.26 44.33 49.59 OK
r-devel-linux-x86_64-fedora-clang 0.0.1 105.94 OK
r-devel-linux-x86_64-fedora-gcc 0.0.1 98.64 OK
r-devel-windows-x86_64 0.0.1 8.00 69.00 77.00 OK
r-patched-linux-x86_64 0.0.1 6.18 55.29 61.47 NOTE
r-release-linux-x86_64 0.0.1 6.43 54.48 60.91 NOTE
r-release-macos-arm64 0.0.1 31.00 NOTE
r-release-macos-x86_64 0.0.1 46.00 NOTE
r-release-windows-x86_64 0.0.1 7.00 70.00 77.00 NOTE
r-oldrel-macos-arm64 0.0.1 35.00 NOTE
r-oldrel-macos-x86_64 0.0.1 55.00 NOTE
r-oldrel-windows-x86_64 0.0.1 8.00 86.00 94.00 NOTE

Check Details

Version: 0.0.1
Check: LazyData
Result: NOTE 'LazyData' is specified without a 'data' directory Flavors: r-patched-linux-x86_64, r-release-linux-x86_64, r-release-macos-arm64, r-release-macos-x86_64, r-release-windows-x86_64, r-oldrel-macos-arm64, r-oldrel-macos-x86_64, r-oldrel-windows-x86_64