CRAN Package Check Results for Package l0ara

Last updated on 2025-01-19 05:49:11 CET.

Flavor Version Tinstall Tcheck Ttotal Status Flags
r-devel-linux-x86_64-debian-clang 0.1.6 23.50 24.78 48.28 OK
r-devel-linux-x86_64-debian-gcc 0.1.6 15.50 20.78 36.28 OK
r-devel-linux-x86_64-fedora-clang 0.1.6 91.28 OK
r-devel-linux-x86_64-fedora-gcc 0.1.6 92.86 OK
r-devel-windows-x86_64 0.1.6 25.00 64.00 89.00 OK
r-patched-linux-x86_64 0.1.6 24.79 23.67 48.46 NOTE
r-release-linux-x86_64 0.1.6 20.10 24.14 44.24 NOTE
r-release-macos-arm64 0.1.6 26.00 NOTE
r-release-macos-x86_64 0.1.6 35.00 NOTE
r-release-windows-x86_64 0.1.6 25.00 83.00 108.00 NOTE
r-oldrel-macos-arm64 0.1.6 30.00 NOTE
r-oldrel-macos-x86_64 0.1.6 44.00 NOTE
r-oldrel-windows-x86_64 0.1.6 29.00 74.00 103.00 NOTE

Check Details

Version: 0.1.6
Check: LazyData
Result: NOTE 'LazyData' is specified without a 'data' directory Flavors: r-patched-linux-x86_64, r-release-linux-x86_64, r-release-macos-arm64, r-release-macos-x86_64, r-release-windows-x86_64, r-oldrel-macos-arm64, r-oldrel-macos-x86_64, r-oldrel-windows-x86_64