CRAN Package Check Results for Package labNorm

Last updated on 2025-01-19 05:49:11 CET.

Flavor Version Tinstall Tcheck Ttotal Status Flags
r-devel-linux-x86_64-debian-clang 1.0.1 26.31 137.73 164.04 NOTE
r-devel-linux-x86_64-debian-gcc 1.0.1 23.07 93.71 116.78 NOTE
r-devel-linux-x86_64-fedora-clang 1.0.1 276.33 NOTE
r-devel-linux-x86_64-fedora-gcc 1.0.1 259.65 NOTE
r-devel-windows-x86_64 1.0.1 51.00 172.00 223.00 NOTE
r-patched-linux-x86_64 1.0.1 24.99 127.34 152.33 NOTE
r-release-linux-x86_64 1.0.1 25.12 127.49 152.61 NOTE
r-release-macos-arm64 1.0.1 111.00 NOTE
r-release-macos-x86_64 1.0.1 208.00 NOTE
r-release-windows-x86_64 1.0.1 55.00 186.00 241.00 NOTE
r-oldrel-macos-arm64 1.0.1 154.00 NOTE
r-oldrel-macos-x86_64 1.0.1 203.00 NOTE
r-oldrel-windows-x86_64 1.0.1 41.00 193.00 234.00 OK

Check Details

Version: 1.0.1
Check: Rd files
Result: NOTE checkRd: (-1) ln_quantile_value.Rd:44: Lost braces in \itemize; \value handles \item{}{} directly checkRd: (-1) ln_quantile_value.Rd:45: Lost braces in \itemize; \value handles \item{}{} directly checkRd: (-1) ln_quantile_value.Rd:46: Lost braces in \itemize; \value handles \item{}{} directly checkRd: (-1) ln_quantile_value.Rd:47: Lost braces in \itemize; \value handles \item{}{} directly checkRd: (-1) ln_quantile_value.Rd:48: Lost braces in \itemize; \value handles \item{}{} directly checkRd: (-1) ln_quantile_value.Rd:49: Lost braces in \itemize; \value handles \item{}{} directly Flavors: r-devel-linux-x86_64-debian-clang, r-devel-linux-x86_64-debian-gcc, r-devel-linux-x86_64-fedora-clang, r-devel-linux-x86_64-fedora-gcc, r-devel-windows-x86_64, r-patched-linux-x86_64, r-release-linux-x86_64, r-release-macos-arm64, r-release-macos-x86_64, r-release-windows-x86_64

Version: 1.0.1
Check: installed package size
Result: NOTE installed size is 5.4Mb sub-directories of 1Mb or more: R 5.2Mb Flavors: r-release-macos-arm64, r-release-macos-x86_64, r-oldrel-macos-arm64, r-oldrel-macos-x86_64