Last updated on 2025-01-19 05:49:11 CET.
Flavor | Version | Tinstall | Tcheck | Ttotal | Status | Flags |
---|---|---|---|---|---|---|
r-devel-linux-x86_64-debian-clang | 0.3.1 | 84.97 | 67.17 | 152.14 | OK | |
r-devel-linux-x86_64-debian-gcc | 0.3.1 | 59.81 | 44.49 | 104.30 | OK | |
r-devel-linux-x86_64-fedora-clang | 0.3.1 | 242.96 | OK | |||
r-devel-linux-x86_64-fedora-gcc | 0.3.1 | 269.97 | OK | |||
r-devel-windows-x86_64 | 0.3.1 | 66.00 | 104.00 | 170.00 | OK | |
r-patched-linux-x86_64 | 0.3.1 | 77.18 | 62.32 | 139.50 | OK | |
r-release-linux-x86_64 | 0.3.1 | 81.93 | 62.38 | 144.31 | OK | |
r-release-macos-arm64 | 0.3.1 | 62.00 | NOTE | |||
r-release-macos-x86_64 | 0.3.1 | 98.00 | NOTE | |||
r-release-windows-x86_64 | 0.3.1 | 69.00 | 99.00 | 168.00 | OK | |
r-oldrel-macos-arm64 | 0.3.1 | 66.00 | NOTE | |||
r-oldrel-macos-x86_64 | 0.3.1 | 193.00 | NOTE | |||
r-oldrel-windows-x86_64 | 0.3.1 | 77.00 | 121.00 | 198.00 | OK |
Version: 0.3.1
Check: installed package size
Result: NOTE
installed size is 8.4Mb
sub-directories of 1Mb or more:
libs 8.2Mb
Flavors: r-release-macos-arm64, r-release-macos-x86_64, r-oldrel-macos-arm64, r-oldrel-macos-x86_64