CRAN Package Check Results for Package landsepi

Last updated on 2025-01-19 05:49:11 CET.

Flavor Version Tinstall Tcheck Ttotal Status Flags
r-devel-linux-x86_64-debian-clang 1.5.1 61.15 176.20 237.35 OK
r-devel-linux-x86_64-debian-gcc 1.5.1 44.84 131.56 176.40 OK
r-devel-linux-x86_64-fedora-clang 1.5.1 406.09 OK
r-devel-linux-x86_64-fedora-gcc 1.5.1 408.32 OK
r-devel-windows-x86_64 1.5.1 65.00 242.00 307.00 OK
r-patched-linux-x86_64 1.5.1 60.88 165.92 226.80 OK
r-release-linux-x86_64 1.5.1 60.77 166.97 227.74 OK
r-release-macos-arm64 1.5.1 117.00 NOTE
r-release-macos-x86_64 1.5.1 264.00 NOTE
r-release-windows-x86_64 1.5.1 66.00 244.00 310.00 NOTE
r-oldrel-macos-arm64 1.5.1 132.00 NOTE
r-oldrel-macos-x86_64 1.5.1 308.00 NOTE
r-oldrel-windows-x86_64 1.5.1 74.00 272.00 346.00 NOTE

Check Details

Version: 1.5.1
Check: installed package size
Result: NOTE installed size is 10.1Mb sub-directories of 1Mb or more: doc 1.8Mb libs 5.8Mb Flavors: r-release-macos-arm64, r-release-macos-x86_64, r-release-windows-x86_64, r-oldrel-macos-arm64, r-oldrel-macos-x86_64, r-oldrel-windows-x86_64